CRAN Package Check Results for Package AER

Last updated on 2020-05-28 01:53:11 CEST.

Flavor Version Tinstall Tcheck Ttotal Status Flags
r-devel-linux-x86_64-debian-clang 1.2-9 11.06 287.80 298.86 OK
r-devel-linux-x86_64-debian-gcc 1.2-9 10.76 218.19 228.95 OK
r-devel-linux-x86_64-fedora-clang 1.2-9 383.35 OK
r-devel-linux-x86_64-fedora-gcc 1.2-9 372.23 OK
r-devel-windows-ix86+x86_64 1.2-9 34.00 474.00 508.00 OK
r-patched-linux-x86_64 1.2-9 12.36 281.41 293.77 OK
r-patched-solaris-x86 1.2-9 543.90 OK
r-release-linux-x86_64 1.2-9 12.95 282.60 295.55 OK
r-release-osx-x86_64 1.2-9 OK
r-release-windows-ix86+x86_64 1.2-9 5.00 23.00 28.00 ERROR
r-oldrel-osx-x86_64 1.2-9 OK
r-oldrel-windows-ix86+x86_64 1.2-9 25.00 365.00 390.00 OK

Check Details

Version: 1.2-9
Check: whether package can be installed
Result: ERROR
    Installation failed.
Flavor: r-release-windows-ix86+x86_64