Last updated on 2021-01-18 00:46:30 CET.
Flavor | Version | Tinstall | Tcheck | Ttotal | Status | Flags |
---|---|---|---|---|---|---|
r-devel-linux-x86_64-debian-clang | 2.0 | 27.97 | 95.45 | 123.42 | OK | |
r-devel-linux-x86_64-debian-gcc | 2.0 | 23.90 | 82.35 | 106.25 | OK | |
r-devel-linux-x86_64-fedora-clang | 2.0 | 284.33 | OK | |||
r-devel-linux-x86_64-fedora-gcc | 2.0 | 256.74 | OK | |||
r-devel-windows-ix86+x86_64 | 2.0 | 40.00 | 168.00 | 208.00 | OK | |
r-patched-linux-x86_64 | 2.0 | 25.74 | 89.63 | 115.37 | OK | |
r-patched-solaris-x86 | 2.0 | 347.90 | OK | |||
r-release-linux-x86_64 | 2.0 | 28.25 | 89.94 | 118.19 | OK | |
r-release-macos-x86_64 | 2.0 | OK | ||||
r-release-windows-ix86+x86_64 | 2.0 | 46.00 | 197.00 | 243.00 | OK | |
r-oldrel-macos-x86_64 | 2.0 | WARN | ||||
r-oldrel-windows-ix86+x86_64 | 2.0 | 51.00 | 206.00 | 257.00 | OK |
Version: 2.0
Check: whether package can be installed
Result: WARN
Found the following significant warnings:
Warning: 'rgl.init' failed, running with 'rgl.useNULL = TRUE'.
Flavor: r-oldrel-macos-x86_64