CRAN Package Check Results for Package AGread

Last updated on 2020-09-25 01:48:37 CEST.

Flavor Version Tinstall Tcheck Ttotal Status Flags
r-devel-linux-x86_64-debian-clang 1.1.1 117.84 59.23 177.07 OK
r-devel-linux-x86_64-debian-gcc 1.1.1 80.84 45.79 126.63 OK
r-devel-linux-x86_64-fedora-clang 1.1.1 251.32 NOTE
r-devel-linux-x86_64-fedora-gcc 1.1.1 258.54 OK
r-devel-windows-ix86+x86_64 1.1.1 265.00 138.00 403.00 OK
r-patched-linux-x86_64 1.1.1 87.62 56.92 144.54 OK
r-patched-solaris-x86 1.1.1 208.70 OK
r-release-linux-x86_64 1.1.1 72.56 57.59 130.15 OK
r-release-macos-x86_64 1.1.1 OK
r-release-windows-ix86+x86_64 1.1.1 263.00 139.00 402.00 OK
r-oldrel-macos-x86_64 1.1.1 OK
r-oldrel-windows-ix86+x86_64 1.1.1 183.00 93.00 276.00 OK

Additional issues

clang-UBSAN

Check Details

Version: 1.1.1
Check: installed package size
Result: NOTE
     installed size is 6.1Mb
     sub-directories of 1Mb or more:
     libs 4.6Mb
Flavor: r-devel-linux-x86_64-fedora-clang