Last updated on 2023-06-07 06:57:41 CEST.
Flavor | Version | Tinstall | Tcheck | Ttotal | Status | Flags |
---|---|---|---|---|---|---|
r-devel-linux-x86_64-debian-clang | 0.2.6 | 41.43 | 446.51 | 487.94 | NOTE | |
r-devel-linux-x86_64-debian-gcc | 0.2.6 | 33.92 | 329.40 | 363.32 | NOTE | |
r-devel-linux-x86_64-fedora-clang | 0.2.6 | 634.20 | NOTE | |||
r-devel-linux-x86_64-fedora-gcc | 0.2.6 | 593.15 | NOTE | |||
r-devel-windows-x86_64 | 0.2.6 | 36.00 | 345.00 | 381.00 | NOTE | |
r-patched-linux-x86_64 | 0.2.6 | 38.43 | 424.99 | 463.42 | NOTE | |
r-release-linux-x86_64 | 0.2.6 | 37.48 | 419.22 | 456.70 | NOTE | |
r-release-macos-arm64 | 0.2.6 | 152.00 | NOTE | |||
r-release-macos-x86_64 | 0.2.6 | 255.00 | NOTE | |||
r-release-windows-x86_64 | 0.2.6 | 47.00 | 432.00 | 479.00 | OK | |
r-oldrel-macos-arm64 | 0.2.6 | 116.00 | OK | |||
r-oldrel-macos-x86_64 | 0.2.6 | 179.00 | OK | |||
r-oldrel-windows-x86_64 | 0.2.6 | 48.00 | 433.00 | 481.00 | OK |
Version: 0.2.6
Check: package dependencies
Result: NOTE
Package suggested but not available for checking: ‘RandomFields’
Flavors: r-devel-linux-x86_64-debian-clang, r-devel-linux-x86_64-debian-gcc, r-devel-linux-x86_64-fedora-clang, r-devel-linux-x86_64-fedora-gcc, r-devel-windows-x86_64, r-patched-linux-x86_64, r-release-linux-x86_64, r-release-macos-arm64, r-release-macos-x86_64