Last updated on 2023-03-25 07:02:13 CET.
Flavor | Version | Tinstall | Tcheck | Ttotal | Status | Flags |
---|---|---|---|---|---|---|
r-devel-linux-x86_64-debian-clang | 2.7 | 16.58 | 123.88 | 140.46 | OK | |
r-devel-linux-x86_64-debian-gcc | 2.7 | 11.19 | 94.41 | 105.60 | OK | |
r-devel-linux-x86_64-fedora-clang | 2.7 | 179.16 | OK | |||
r-devel-linux-x86_64-fedora-gcc | 2.7 | 163.26 | OK | |||
r-devel-windows-x86_64 | 2.7 | 20.00 | 142.00 | 162.00 | OK | |
r-patched-linux-x86_64 | 2.7 | 13.61 | 120.01 | 133.62 | OK | |
r-release-linux-x86_64 | 2.7 | 13.85 | 120.77 | 134.62 | OK | |
r-release-macos-arm64 | 2.7 | 50.00 | OK | |||
r-release-macos-x86_64 | 2.7 | 69.00 | OK | |||
r-release-windows-x86_64 | 2.7 | 29.00 | 149.00 | 178.00 | OK | |
r-oldrel-macos-arm64 | 2.7 | 44.00 | OK | |||
r-oldrel-macos-x86_64 | 2.7 | 66.00 | OK | |||
r-oldrel-windows-ix86+x86_64 | 2.7 | 32.00 | 144.00 | 176.00 | NOTE |
Version: 2.7
Check: R code for possible problems
Result: NOTE
Initiating curl with CURL_SSL_BACKEND: openssl
Flavor: r-oldrel-windows-ix86+x86_64