Last updated on 2022-08-13 02:51:24 CEST.
Flavor | Version | Tinstall | Tcheck | Ttotal | Status | Flags |
---|---|---|---|---|---|---|
r-devel-linux-x86_64-debian-clang | 0.6.3.2 | 5.87 | 72.27 | 78.14 | OK | |
r-devel-linux-x86_64-debian-gcc | 0.6.3.2 | 4.61 | 54.15 | 58.76 | OK | |
r-devel-linux-x86_64-fedora-clang | 0.6.3.2 | 100.92 | NOTE | |||
r-devel-linux-x86_64-fedora-gcc | 0.6.3.2 | 99.82 | NOTE | |||
r-devel-windows-x86_64 | 0.6.3.2 | 10.00 | 101.00 | 111.00 | OK | |
r-patched-linux-x86_64 | 0.6.3.2 | 10.45 | 66.68 | 77.13 | OK | |
r-release-linux-x86_64 | 0.6.3.2 | 5.32 | 67.10 | 72.42 | OK | |
r-release-macos-arm64 | 0.6.3.2 | 31.00 | NOTE | |||
r-release-macos-x86_64 | 0.6.3.2 | 61.00 | NOTE | |||
r-release-windows-x86_64 | 0.6.3.2 | 21.00 | 100.00 | 121.00 | OK | |
r-oldrel-macos-arm64 | 0.6.3.2 | 50.00 | NOTE | |||
r-oldrel-macos-x86_64 | 0.6.3.2 | 39.00 | NOTE | |||
r-oldrel-windows-ix86+x86_64 | 0.6.3.2 | 16.00 | 98.00 | 114.00 | OK |
Version: 0.6.3.2
Check: dependencies in R code
Result: NOTE
Namespaces in Imports field not imported from:
‘Rsolnp’ ‘SuperLearner’ ‘future.apply’ ‘ggplot2’ ‘progressr’ ‘stats’
‘utils’
All declared Imports should be used.
Flavors: r-devel-linux-x86_64-fedora-clang, r-devel-linux-x86_64-fedora-gcc, r-release-macos-arm64, r-release-macos-x86_64, r-oldrel-macos-arm64, r-oldrel-macos-x86_64