CRAN Package Check Results for Package ANN2

Last updated on 2020-08-12 01:46:50 CEST.

Flavor Version Tinstall Tcheck Ttotal Status Flags
r-devel-linux-x86_64-debian-clang 2.3.3 480.15 68.31 548.46 OK
r-devel-linux-x86_64-debian-gcc 2.3.3 372.57 51.27 423.84 OK
r-devel-linux-x86_64-fedora-clang 2.3.3 930.09 NOTE
r-devel-linux-x86_64-fedora-gcc 2.3.3 713.68 OK
r-devel-windows-ix86+x86_64 2.3.3 704.00 161.00 865.00 NOTE
r-patched-linux-x86_64 2.3.3 376.86 61.86 438.72 OK
r-patched-solaris-x86 2.3.3 470.80 OK
r-release-linux-x86_64 2.3.3 379.40 61.62 441.02 OK
r-release-macos-x86_64 2.3.3 NOTE
r-release-windows-ix86+x86_64 2.3.3 940.00 160.00 1100.00 NOTE
r-oldrel-macos-x86_64 2.3.3 NOTE
r-oldrel-windows-ix86+x86_64 2.3.3 662.00 121.00 783.00 NOTE

Check Details

Version: 2.3.3
Check: installed package size
Result: NOTE
     installed size is 63.8Mb
     sub-directories of 1Mb or more:
     cereal 1.4Mb
     libs 62.2Mb
Flavors: r-devel-linux-x86_64-fedora-clang, r-devel-windows-ix86+x86_64, r-release-macos-x86_64, r-release-windows-ix86+x86_64, r-oldrel-macos-x86_64, r-oldrel-windows-ix86+x86_64