CRAN Package Check Results for Package ANOM

Last updated on 2022-01-17 01:48:14 CET.

Flavor Version Tinstall Tcheck Ttotal Status Flags
r-devel-linux-x86_64-debian-clang 0.5 16.03 153.24 169.27 OK
r-devel-linux-x86_64-debian-gcc 0.5 14.87 130.78 145.65 OK
r-devel-linux-x86_64-fedora-clang 0.5 209.56 OK
r-devel-linux-x86_64-fedora-gcc 0.5 205.62 OK
r-devel-windows-x86_64-new-UL 0.5 28.00 184.00 212.00 OK
r-devel-windows-x86_64-new-TK 0.5 NOTE
r-patched-linux-x86_64 0.5 14.91 147.68 162.59 OK
r-release-linux-x86_64 0.5 OK
r-release-macos-arm64 0.5 OK
r-release-macos-x86_64 0.5 OK
r-release-windows-ix86+x86_64 0.5 37.00 182.00 219.00 OK
r-oldrel-macos-x86_64 0.5 OK
r-oldrel-windows-ix86+x86_64 0.5 38.00 187.00 225.00 OK

Check Details

Version: 0.5
Check: package dependencies
Result: NOTE
    Package suggested but not available for checking: 'lme4'
Flavor: r-devel-windows-x86_64-new-TK