CRAN Package Check Results for Package APCI

Last updated on 2021-07-24 01:49:55 CEST.

Flavor Version Tinstall Tcheck Ttotal Status Flags
r-devel-linux-x86_64-debian-clang 0.1.0 7.33 65.04 72.37 OK
r-devel-linux-x86_64-debian-gcc 0.1.0 5.88 48.31 54.19 OK
r-devel-linux-x86_64-fedora-clang 0.1.0 98.89 NOTE
r-devel-linux-x86_64-fedora-gcc 0.1.0 86.58 NOTE
r-devel-windows-x86_64 0.1.0 10.00 66.00 76.00 OK
r-devel-windows-x86_64-gcc10-UCRT 0.1.0 NOTE
r-patched-linux-x86_64 0.1.0 6.94 61.54 68.48 OK
r-patched-solaris-x86 0.1.0 117.70 NOTE
r-release-linux-x86_64 0.1.0 6.50 60.89 67.39 OK
r-release-macos-arm64 0.1.0 NOTE
r-release-macos-x86_64 0.1.0 NOTE
r-release-windows-ix86+x86_64 0.1.0 18.00 68.00 86.00 OK
r-oldrel-macos-x86_64 0.1.0 NOTE
r-oldrel-windows-ix86+x86_64 0.1.0 17.00 87.00 104.00 OK

Check Details

Version: 0.1.0
Check: dependencies in R code
Result: NOTE
    Namespaces in Imports field not imported from:
     ‘haven’ ‘tidyverse’
     All declared Imports should be used.
Flavors: r-devel-linux-x86_64-fedora-clang, r-devel-linux-x86_64-fedora-gcc, r-devel-windows-x86_64-gcc10-UCRT, r-patched-solaris-x86, r-release-macos-arm64, r-release-macos-x86_64, r-oldrel-macos-x86_64