Last updated on 2023-12-03 08:50:00 CET.
Flavor | Version | Tinstall | Tcheck | Ttotal | Status | Flags |
---|---|---|---|---|---|---|
r-devel-linux-x86_64-debian-clang | 1.0.6 | 7.04 | 87.24 | 94.28 | NOTE | |
r-devel-linux-x86_64-debian-gcc | 1.0.6 | 6.02 | 68.20 | 74.22 | NOTE | |
r-devel-linux-x86_64-fedora-clang | 1.0.6 | 127.06 | NOTE | |||
r-devel-linux-x86_64-fedora-gcc | 1.0.6 | 122.63 | NOTE | |||
r-devel-windows-x86_64 | 1.0.6 | 9.00 | 95.00 | 104.00 | NOTE | |
r-patched-linux-x86_64 | 1.0.6 | 8.95 | 85.18 | 94.13 | OK | |
r-release-linux-x86_64 | 1.0.6 | 6.94 | 84.21 | 91.15 | OK | |
r-release-macos-arm64 | 1.0.6 | 44.00 | OK | |||
r-release-macos-x86_64 | 1.0.6 | 65.00 | OK | |||
r-release-windows-x86_64 | 1.0.6 | 10.00 | 110.00 | 120.00 | OK | |
r-oldrel-macos-arm64 | 1.0.6 | 49.00 | OK | |||
r-oldrel-macos-x86_64 | 1.0.6 | 60.00 | OK | |||
r-oldrel-windows-x86_64 | 1.0.6 | 11.00 | 115.00 | 126.00 | OK |
Version: 1.0.6
Check: Rd contents
Result: NOTE
Argument items with no description in Rd file 'apci.Rd':
‘\dots’
Argument items with no description in Rd file 'apci.bar.Rd':
‘\dots’
Argument items with no description in Rd file 'apci.plot.Rd':
‘\dots’
Argument items with no description in Rd file 'apci.plot.heatmap.Rd':
‘\dots’
Argument items with no description in Rd file 'apci.plot.hexagram.Rd':
‘first_age’ ‘first_period’ ‘interval’ ‘first_age_isoline’
‘first_period_isoline’ ‘isoline_interval’ ‘line_width’ ‘line_color’
‘label_size’ ‘label_color’ ‘scale_units’ ‘wrap_cohort_labels’
‘quantile’
Argument items with no description in Rd file 'apci.plot.raw.Rd':
‘\dots’
Argument items with no description in Rd file 'cohortdeviation.Rd':
‘\dots’
Argument items with no description in Rd file 'compute_xcoordinate.Rd':
‘p’
Argument items with no description in Rd file 'compute_ycoordinate.Rd':
‘p’ ‘a’
Argument items with no description in Rd file 'maineffect.Rd':
‘\dots’
Argument items with no description in Rd file 'temp_model.Rd':
‘\dots’
Argument items with no description in Rd file 'tests.Rd':
‘\dots’
Flavors: r-devel-linux-x86_64-debian-clang, r-devel-linux-x86_64-debian-gcc, r-devel-linux-x86_64-fedora-clang, r-devel-linux-x86_64-fedora-gcc, r-devel-windows-x86_64