CRAN Package Check Results for Package ASRgenomics

Last updated on 2024-03-04 07:48:21 CET.

Flavor Version Tinstall Tcheck Ttotal Status Flags
r-devel-linux-x86_64-debian-clang 1.1.4 55.15 214.32 269.47 OK
r-devel-linux-x86_64-debian-gcc 1.1.4 46.92 173.69 220.61 OK
r-devel-linux-x86_64-fedora-clang 1.1.4 361.37 OK
r-devel-linux-x86_64-fedora-gcc 1.1.4 403.20 OK
r-devel-windows-x86_64 1.1.4 56.00 190.00 246.00 OK
r-patched-linux-x86_64 1.1.4 61.62 216.23 277.85 OK
r-release-linux-x86_64 1.1.4 53.07 199.86 252.93 OK
r-release-macos-arm64 1.1.4 83.00 NOTE
r-release-macos-x86_64 1.1.4 120.00 OK
r-release-windows-x86_64 1.1.4 83.00 221.00 304.00 OK
r-oldrel-macos-arm64 1.1.4 88.00 NOTE
r-oldrel-windows-x86_64 1.1.4 58.00 249.00 307.00 OK

Check Details

Version: 1.1.4
Check: installed package size
Result: NOTE installed size is 5.8Mb sub-directories of 1Mb or more: data 5.4Mb Flavors: r-release-macos-arm64, r-oldrel-macos-arm64