Last updated on 2023-12-04 07:50:48 CET.
Flavor | Version | Tinstall | Tcheck | Ttotal | Status | Flags |
---|---|---|---|---|---|---|
r-devel-linux-x86_64-debian-clang | 0.1.0 | 3.07 | 131.50 | 134.57 | NOTE | |
r-devel-linux-x86_64-debian-gcc | 0.1.0 | 1.74 | 113.27 | 115.01 | NOTE | |
r-devel-linux-x86_64-fedora-clang | 0.1.0 | 161.21 | OK | |||
r-devel-linux-x86_64-fedora-gcc | 0.1.0 | 183.58 | OK | |||
r-devel-windows-x86_64 | 0.1.0 | 3.00 | 122.00 | 125.00 | OK | |
r-patched-linux-x86_64 | 0.1.0 | 3.15 | 142.30 | 145.45 | OK | |
r-release-linux-x86_64 | 0.1.0 | 2.16 | 136.37 | 138.53 | OK | |
r-release-macos-arm64 | 0.1.0 | 56.00 | OK | |||
r-release-macos-x86_64 | 0.1.0 | 99.00 | OK | |||
r-release-windows-x86_64 | 0.1.0 | 4.00 | 197.00 | 201.00 | OK | |
r-oldrel-macos-arm64 | 0.1.0 | 60.00 | OK | |||
r-oldrel-macos-x86_64 | 0.1.0 | 66.00 | OK | |||
r-oldrel-windows-x86_64 | 0.1.0 | 4.00 | 200.00 | 204.00 | OK |
Version: 0.1.0
Check: Rd files
Result: NOTE
checkRd: (-1) simulation_dgp.Rd:14: Lost braces; missing escapes or markup?
14 | \item{x_discrete}{TRUE if the distribution of the covariate is uniform on {-3.0, -2.9, ..., 3.0} and
| ^
checkRd: (-1) simulation_dgp.Rd:23: Lost braces
23 | \item{att_oracle}{the sample analog of E[D{Y(1) - Y(0)}|D=1]}
| ^
Flavors: r-devel-linux-x86_64-debian-clang, r-devel-linux-x86_64-debian-gcc