CRAN Package Check Results for Package ATmet

Last updated on 2021-09-16 01:49:26 CEST.

Flavor Version Tinstall Tcheck Ttotal Status Flags
r-devel-linux-x86_64-debian-clang 1.2.1 8.67 96.84 105.51 OK
r-devel-linux-x86_64-debian-gcc 1.2.1 7.57 70.94 78.51 OK
r-devel-linux-x86_64-fedora-clang 1.2.1 130.92 OK
r-devel-linux-x86_64-fedora-gcc 1.2.1 118.26 OK
r-devel-windows-x86_64 1.2.1 12.00 101.00 113.00 OK
r-devel-windows-x86_64-gcc10-UCRT 1.2.1 OK
r-patched-linux-x86_64 1.2.1 13.98 93.80 107.78 OK
r-patched-solaris-x86 1.2.1 177.90 OK
r-release-linux-x86_64 1.2.1 9.19 88.80 97.99 OK
r-release-macos-arm64 1.2.1 OK
r-release-macos-x86_64 1.2.1 OK
r-release-windows-ix86+x86_64 1.2.1 24.00 119.00 143.00 OK
r-oldrel-macos-x86_64 1.2.1 OK
r-oldrel-windows-ix86+x86_64 1.2.1 3.00 20.00 23.00 ERROR

Check Details

Version: 1.2.1
Check: whether package can be installed
Result: ERROR
    Installation failed.
Flavor: r-oldrel-windows-ix86+x86_64