Last updated on 2023-03-23 06:52:13 CET.
Flavor | Version | Tinstall | Tcheck | Ttotal | Status | Flags |
---|---|---|---|---|---|---|
r-devel-linux-x86_64-debian-clang | 0.1.1 | 15.34 | 129.62 | 144.96 | NOTE | |
r-devel-linux-x86_64-debian-gcc | 0.1.1 | 11.80 | 99.12 | 110.92 | NOTE | |
r-devel-linux-x86_64-fedora-clang | 0.1.1 | 181.24 | NOTE | |||
r-devel-linux-x86_64-fedora-gcc | 0.1.1 | 178.94 | NOTE | |||
r-devel-windows-x86_64 | 0.1.1 | 19.00 | 154.00 | 173.00 | NOTE | |
r-patched-linux-x86_64 | 0.1.1 | 12.32 | 123.13 | 135.45 | OK | |
r-release-linux-x86_64 | 0.1.1 | 11.13 | 123.74 | 134.87 | OK | |
r-release-macos-arm64 | 0.1.1 | 49.00 | NOTE | |||
r-release-macos-x86_64 | 0.1.1 | 83.00 | NOTE | |||
r-release-windows-x86_64 | 0.1.1 | 23.00 | 159.00 | 182.00 | OK | |
r-oldrel-macos-arm64 | 0.1.1 | 62.00 | NOTE | |||
r-oldrel-macos-x86_64 | 0.1.1 | 88.00 | NOTE | |||
r-oldrel-windows-ix86+x86_64 | 0.1.1 | 34.00 | 154.00 | 188.00 | OK |
Version: 0.1.1
Check: package subdirectories
Result: NOTE
Problems with news in ‘NEWS.md’:
No news entries found.
Flavors: r-devel-linux-x86_64-debian-clang, r-devel-linux-x86_64-debian-gcc, r-devel-linux-x86_64-fedora-clang, r-devel-linux-x86_64-fedora-gcc, r-devel-windows-x86_64
Version: 0.1.1
Check: dependencies in R code
Result: NOTE
Namespace in Imports field not imported from: ‘tidyr’
All declared Imports should be used.
Flavors: r-devel-linux-x86_64-fedora-clang, r-devel-linux-x86_64-fedora-gcc, r-release-macos-arm64, r-release-macos-x86_64, r-oldrel-macos-arm64, r-oldrel-macos-x86_64