CRAN Package Check Results for Package AcuityView

Last updated on 2023-01-27 00:50:55 CET.

Flavor Version Tinstall Tcheck Ttotal Status Flags
r-devel-linux-x86_64-debian-clang 0.1 5.47 42.58 48.05 NOTE
r-devel-linux-x86_64-debian-gcc 0.1 4.07 33.55 37.62 NOTE
r-devel-linux-x86_64-fedora-clang 0.1 65.08 NOTE
r-devel-linux-x86_64-fedora-gcc 0.1 57.70 NOTE
r-devel-windows-x86_64 0.1 12.00 75.00 87.00 NOTE
r-patched-linux-x86_64 0.1 5.01 42.97 47.98 NOTE
r-release-linux-x86_64 0.1 3.32 43.45 46.77 NOTE
r-release-macos-arm64 0.1 22.00 NOTE
r-release-macos-x86_64 0.1 30.00 NOTE
r-release-windows-x86_64 0.1 13.00 83.00 96.00 NOTE
r-oldrel-macos-arm64 0.1 25.00 NOTE
r-oldrel-macos-x86_64 0.1 36.00 NOTE
r-oldrel-windows-ix86+x86_64 0.1 13.00 71.00 84.00 NOTE

Check Details

Version: 0.1
Check: LazyData
Result: NOTE
     'LazyData' is specified without a 'data' directory
Flavors: r-devel-linux-x86_64-debian-clang, r-devel-linux-x86_64-debian-gcc, r-devel-linux-x86_64-fedora-clang, r-devel-linux-x86_64-fedora-gcc, r-devel-windows-x86_64, r-patched-linux-x86_64, r-release-linux-x86_64, r-release-macos-arm64, r-release-macos-x86_64, r-release-windows-x86_64, r-oldrel-macos-arm64, r-oldrel-macos-x86_64, r-oldrel-windows-ix86+x86_64

Version: 0.1
Check: for non-standard things in the check directory
Result: NOTE
    Found the following files/directories:
     ‘Example.jpeg’
Flavors: r-devel-linux-x86_64-debian-clang, r-devel-linux-x86_64-debian-gcc, r-devel-linux-x86_64-fedora-clang, r-devel-linux-x86_64-fedora-gcc, r-patched-linux-x86_64, r-release-linux-x86_64