Last updated on 2021-01-18 00:46:30 CET.
Flavor | Version | Tinstall | Tcheck | Ttotal | Status | Flags |
---|---|---|---|---|---|---|
r-devel-linux-x86_64-debian-clang | 1.0.2 | 13.18 | 162.16 | 175.34 | OK | |
r-devel-linux-x86_64-debian-gcc | 1.0.2 | 11.28 | 121.29 | 132.57 | OK | |
r-devel-linux-x86_64-fedora-clang | 1.0.2 | 227.47 | NOTE | |||
r-devel-linux-x86_64-fedora-gcc | 1.0.2 | 214.33 | NOTE | |||
r-devel-windows-ix86+x86_64 | 1.0.2 | 19.00 | 173.00 | 192.00 | OK | |
r-patched-linux-x86_64 | 1.0.2 | 12.49 | 157.28 | 169.77 | OK | |
r-patched-solaris-x86 | 1.0.2 | 276.70 | NOTE | |||
r-release-linux-x86_64 | 1.0.2 | 13.52 | 155.96 | 169.48 | OK | |
r-release-macos-x86_64 | 1.0.2 | NOTE | ||||
r-release-windows-ix86+x86_64 | 1.0.2 | 23.00 | 188.00 | 211.00 | OK | |
r-oldrel-macos-x86_64 | 1.0.2 | NOTE | ||||
r-oldrel-windows-ix86+x86_64 | 1.0.2 | 24.00 | 211.00 | 235.00 | OK |
Version: 1.0.2
Check: package dependencies
Result: NOTE
Imports includes 34 non-default packages.
Importing from so many packages makes the package vulnerable to any of
them becoming unavailable. Move as many as possible to Suggests and
use conditionally.
Flavor: r-devel-linux-x86_64-fedora-clang
Version: 1.0.2
Check: data for non-ASCII characters
Result: NOTE
Note: found 90 marked UTF-8 strings
Flavors: r-devel-linux-x86_64-fedora-clang, r-devel-linux-x86_64-fedora-gcc, r-patched-solaris-x86, r-release-macos-x86_64, r-oldrel-macos-x86_64