CRAN Package Check Results for Package AirSensor

Last updated on 2021-04-14 01:48:54 CEST.

Flavor Version Tinstall Tcheck Ttotal Status Flags
r-devel-linux-x86_64-debian-clang 1.0.8 15.37 164.58 179.95 OK
r-devel-linux-x86_64-debian-gcc 1.0.8 10.86 125.63 136.49 OK
r-devel-linux-x86_64-fedora-clang 1.0.8 216.17 NOTE
r-devel-linux-x86_64-fedora-gcc 1.0.8 211.94 NOTE
r-devel-windows-ix86+x86_64 1.0.8 31.00 234.00 265.00 OK
r-devel-windows-x86_64-gcc10-UCRT 1.0.8 NOTE
r-patched-linux-x86_64 1.0.8 14.17 159.15 173.32 OK
r-patched-solaris-x86 1.0.8 262.70 NOTE
r-release-linux-x86_64 1.0.8 13.32 161.40 174.72 OK
r-release-macos-x86_64 1.0.8 NOTE
r-release-windows-ix86+x86_64 1.0.8 31.00 234.00 265.00 OK
r-oldrel-macos-x86_64 1.0.8 NOTE
r-oldrel-windows-ix86+x86_64 1.0.8 18.00 175.00 193.00 OK

Check Details

Version: 1.0.8
Check: package dependencies
Result: NOTE
    Imports includes 34 non-default packages.
    Importing from so many packages makes the package vulnerable to any of
    them becoming unavailable. Move as many as possible to Suggests and
    use conditionally.
Flavor: r-devel-linux-x86_64-fedora-clang

Version: 1.0.8
Check: data for non-ASCII characters
Result: NOTE
     Note: found 90 marked UTF-8 strings
Flavors: r-devel-linux-x86_64-fedora-clang, r-devel-linux-x86_64-fedora-gcc, r-devel-windows-x86_64-gcc10-UCRT, r-patched-solaris-x86, r-release-macos-x86_64, r-oldrel-macos-x86_64