CRAN Package Check Results for Package Amelia

Last updated on 2022-12-09 01:50:23 CET.

Flavor Version Tinstall Tcheck Ttotal Status Flags
r-devel-linux-x86_64-debian-clang 1.8.1 39.22 82.68 121.90 OK
r-devel-linux-x86_64-debian-gcc 1.8.1 35.65 77.16 112.81 OK
r-devel-linux-x86_64-fedora-clang 1.8.1 181.47 OK
r-devel-linux-x86_64-fedora-gcc 1.8.1 183.03 OK
r-devel-windows-x86_64 1.8.1 67.00 182.00 249.00 OK
r-patched-linux-x86_64 1.8.1 38.57 79.24 117.81 OK
r-release-linux-x86_64 1.8.1 36.48 75.65 112.13 OK
r-release-macos-arm64 1.8.1 57.00 NOTE
r-release-macos-x86_64 1.8.1 91.00 NOTE
r-release-windows-x86_64 1.8.1 69.00 142.00 211.00 OK
r-oldrel-macos-arm64 1.8.1 60.00 NOTE
r-oldrel-macos-x86_64 1.8.1 95.00 NOTE
r-oldrel-windows-ix86+x86_64 1.8.1 93.00 158.00 251.00 OK

Check Details

Version: 1.8.1
Check: installed package size
Result: NOTE
     installed size is 6.0Mb
     sub-directories of 1Mb or more:
     doc 1.4Mb
     libs 3.9Mb
Flavors: r-release-macos-arm64, r-release-macos-x86_64, r-oldrel-macos-arm64, r-oldrel-macos-x86_64