CRAN Package Check Results for Package AmericanCallOpt

Last updated on 2023-01-27 00:50:56 CET.

Flavor Version Tinstall Tcheck Ttotal Status Flags
r-devel-linux-x86_64-debian-clang 0.95 2.23 23.56 25.79 NOTE
r-devel-linux-x86_64-debian-gcc 0.95 1.78 18.21 19.99 NOTE
r-devel-linux-x86_64-fedora-clang 0.95 35.56 NOTE
r-devel-linux-x86_64-fedora-gcc 0.95 32.56 NOTE
r-devel-windows-x86_64 0.95 28.00 47.00 75.00 NOTE
r-patched-linux-x86_64 0.95 2.07 24.01 26.08 NOTE
r-release-linux-x86_64 0.95 2.50 24.42 26.92 NOTE
r-release-macos-arm64 0.95 14.00 NOTE
r-release-macos-x86_64 0.95 22.00 NOTE
r-release-windows-x86_64 0.95 4.00 45.00 49.00 NOTE
r-oldrel-macos-arm64 0.95 20.00 NOTE
r-oldrel-macos-x86_64 0.95 26.00 NOTE
r-oldrel-windows-ix86+x86_64 0.95 5.00 35.00 40.00 NOTE

Check Details

Version: 0.95
Check: DESCRIPTION meta-information
Result: NOTE
    Malformed Title field: should not end in a period.
Flavors: r-devel-linux-x86_64-debian-clang, r-devel-linux-x86_64-debian-gcc, r-devel-linux-x86_64-fedora-clang, r-devel-linux-x86_64-fedora-gcc, r-devel-windows-x86_64, r-patched-linux-x86_64, r-release-linux-x86_64, r-release-macos-arm64, r-release-macos-x86_64, r-release-windows-x86_64, r-oldrel-macos-arm64, r-oldrel-macos-x86_64, r-oldrel-windows-ix86+x86_64