Last updated on 2023-06-07 06:57:41 CEST.
Flavor | Version | Tinstall | Tcheck | Ttotal | Status | Flags |
---|---|---|---|---|---|---|
r-devel-linux-x86_64-debian-clang | 1.2 | 62.75 | 276.81 | 339.56 | OK | |
r-devel-linux-x86_64-debian-gcc | 1.2 | 54.09 | 206.28 | 260.37 | OK | |
r-devel-linux-x86_64-fedora-clang | 1.2 | 446.72 | NOTE | |||
r-devel-linux-x86_64-fedora-gcc | 1.2 | 443.52 | OK | |||
r-devel-windows-x86_64 | 1.2 | 64.00 | 203.00 | 267.00 | NOTE | |
r-patched-linux-x86_64 | 1.2 | 56.89 | 265.22 | 322.11 | OK | |
r-release-linux-x86_64 | 1.2 | 46.51 | 258.87 | 305.38 | OK | |
r-release-macos-arm64 | 1.2 | 130.00 | NOTE | |||
r-release-macos-x86_64 | 1.2 | 212.00 | NOTE | |||
r-release-windows-x86_64 | 1.2 | 74.00 | 227.00 | 301.00 | NOTE | |
r-oldrel-macos-arm64 | 1.2 | 103.00 | NOTE | |||
r-oldrel-macos-x86_64 | 1.2 | 227.00 | NOTE | |||
r-oldrel-windows-x86_64 | 1.2 | 73.00 | 215.00 | 288.00 | NOTE |
Version: 1.2
Check: installed package size
Result: NOTE
installed size is 35.4Mb
sub-directories of 1Mb or more:
R 35.3Mb
Flavors: r-devel-linux-x86_64-fedora-clang, r-devel-windows-x86_64, r-release-macos-arm64, r-release-macos-x86_64, r-release-windows-x86_64, r-oldrel-macos-arm64, r-oldrel-macos-x86_64, r-oldrel-windows-x86_64