CRAN Package Check Results for Package AntWeb

Last updated on 2020-08-12 01:46:50 CEST.

Flavor Version Tinstall Tcheck Ttotal Status Flags
r-devel-linux-x86_64-debian-clang 0.7 2.67 26.78 29.45 NOTE
r-devel-linux-x86_64-debian-gcc 0.7 2.31 21.23 23.54 NOTE
r-devel-linux-x86_64-fedora-clang 0.7 45.55 NOTE
r-devel-linux-x86_64-fedora-gcc 0.7 35.46 NOTE
r-devel-windows-ix86+x86_64 0.7 10.00 56.00 66.00 NOTE
r-patched-linux-x86_64 0.7 3.20 26.88 30.08 NOTE
r-patched-solaris-x86 0.7 57.00 NOTE
r-release-linux-x86_64 0.7 3.17 26.56 29.73 NOTE
r-release-macos-x86_64 0.7 NOTE
r-release-windows-ix86+x86_64 0.7 13.00 58.00 71.00 NOTE
r-oldrel-macos-x86_64 0.7 NOTE
r-oldrel-windows-ix86+x86_64 0.7 5.00 34.00 39.00 NOTE

Check Details

Version: 0.7
Check: R code for possible problems
Result: NOTE
    aw_map: no visible global function definition for 'browseURL'
    Undefined global functions or variables:
     browseURL
    Consider adding
     importFrom("utils", "browseURL")
    to your NAMESPACE file.
Flavors: r-devel-linux-x86_64-debian-clang, r-devel-linux-x86_64-debian-gcc, r-devel-linux-x86_64-fedora-clang, r-devel-linux-x86_64-fedora-gcc, r-devel-windows-ix86+x86_64, r-patched-linux-x86_64, r-patched-solaris-x86, r-release-linux-x86_64, r-release-macos-x86_64, r-release-windows-ix86+x86_64, r-oldrel-macos-x86_64, r-oldrel-windows-ix86+x86_64