Last updated on 2023-11-28 07:52:55 CET.
Flavor | Version | Tinstall | Tcheck | Ttotal | Status | Flags |
---|---|---|---|---|---|---|
r-devel-linux-x86_64-debian-clang | 0.1.0 | 36.63 | 357.77 | 394.40 | NOTE | |
r-devel-linux-x86_64-debian-gcc | 0.1.0 | 29.38 | 258.25 | 287.63 | NOTE | |
r-devel-linux-x86_64-fedora-clang | 0.1.0 | 478.20 | OK | |||
r-devel-linux-x86_64-fedora-gcc | 0.1.0 | 472.91 | OK | |||
r-devel-windows-x86_64 | 0.1.0 | 27.00 | 239.00 | 266.00 | OK | |
r-patched-linux-x86_64 | 0.1.0 | 33.21 | 330.50 | 363.71 | OK | |
r-release-linux-x86_64 | 0.1.0 | 33.86 | 337.30 | 371.16 | OK | |
r-release-macos-arm64 | 0.1.0 | 135.00 | OK | |||
r-release-macos-x86_64 | 0.1.0 | 222.00 | OK | |||
r-release-windows-x86_64 | 0.1.0 | 37.00 | 300.00 | 337.00 | OK | |
r-oldrel-macos-arm64 | 0.1.0 | 115.00 | OK | |||
r-oldrel-macos-x86_64 | 0.1.0 | 152.00 | OK | |||
r-oldrel-windows-x86_64 | 0.1.0 | 39.00 | 313.00 | 352.00 | OK |
Version: 0.1.0
Check: Rd files
Result: NOTE
checkRd: (-1) calcEto.Rd:63-64: Lost braces
63 | \code{ET.Daily:} {daily estimations of reference crop evapotranspiration
| ^
checkRd: (-1) calcEto.Rd:66-67: Lost braces
66 | \code{Ra.Daily:} {daily estimations of extraterristrial radiation
| ^
checkRd: (-1) calcEto.Rd:69-70: Lost braces
69 | \code{Slope.Daily:} {daily estimations of slope of vapour pressure curve
| ^
checkRd: (-1) calcEto.Rd:72: Lost braces; missing escapes or markup?
72 | \code{ET.type:} {type of the estimation obtained}
| ^
Flavors: r-devel-linux-x86_64-debian-clang, r-devel-linux-x86_64-debian-gcc