Last updated on 2023-12-07 07:50:24 CET.
Flavor | Version | Tinstall | Tcheck | Ttotal | Status | Flags |
---|---|---|---|---|---|---|
r-devel-linux-x86_64-debian-clang | 1.0 | 4.08 | 51.89 | 55.97 | NOTE | |
r-devel-linux-x86_64-debian-gcc | 1.0 | 3.71 | 43.18 | 46.89 | NOTE | |
r-devel-linux-x86_64-fedora-clang | 1.0 | 71.03 | OK | |||
r-devel-linux-x86_64-fedora-gcc | 1.0 | 73.56 | OK | |||
r-devel-windows-x86_64 | 1.0 | 5.00 | 66.00 | 71.00 | OK | |
r-patched-linux-x86_64 | 1.0 | 5.32 | 55.22 | 60.54 | OK | |
r-release-linux-x86_64 | 1.0 | 4.14 | 53.38 | 57.52 | OK | |
r-release-macos-arm64 | 1.0 | 27.00 | OK | |||
r-release-macos-x86_64 | 1.0 | 42.00 | OK | |||
r-release-windows-x86_64 | 1.0 | 8.00 | 72.00 | 80.00 | OK | |
r-oldrel-macos-arm64 | 1.0 | 27.00 | OK | |||
r-oldrel-macos-x86_64 | 1.0 | 36.00 | OK | |||
r-oldrel-windows-x86_64 | 1.0 | 11.00 | 79.00 | 90.00 | OK |
Version: 1.0
Check: Rd files
Result: NOTE
checkRd: (-1) getages.Rd:11: Lost braces; missing escapes or markup?
11 | containing the amalgamated $^{40}$Ar$^*$/$^{39}$Ar$_K$-ratios and
| ^
checkRd: (-1) getages.Rd:11: Lost braces; missing escapes or markup?
11 | containing the amalgamated $^{40}$Ar$^*$/$^{39}$Ar$_K$-ratios and
| ^
Flavors: r-devel-linux-x86_64-debian-clang, r-devel-linux-x86_64-debian-gcc