CRAN Package Check Results for Package AzureContainers

Last updated on 2020-07-04 02:12:00 CEST.

Flavor Version Tinstall Tcheck Ttotal Status Flags
r-devel-linux-x86_64-debian-clang 1.3.0 7.47 32.98 40.45 OK
r-devel-linux-x86_64-debian-gcc 1.3.0 5.75 26.37 32.12 OK
r-devel-linux-x86_64-fedora-clang 1.3.0 59.25 NOTE
r-devel-linux-x86_64-fedora-gcc 1.3.0 53.67 NOTE
r-devel-windows-ix86+x86_64 1.3.0 17.00 70.00 87.00 OK
r-patched-linux-x86_64 1.3.0 6.55 32.80 39.35 OK
r-patched-solaris-x86 1.3.0 75.40 NOTE
r-release-linux-x86_64 1.3.0 7.56 32.82 40.38 OK
r-release-osx-x86_64 1.3.0 NOTE
r-release-windows-ix86+x86_64 1.3.0 13.00 47.00 60.00 OK
r-oldrel-osx-x86_64 1.3.0 NOTE
r-oldrel-windows-ix86+x86_64 1.3.0 32.00 76.00 108.00 OK

Check Details

Version: 1.3.0
Check: dependencies in R code
Result: NOTE
    Namespace in Imports field not imported from: ‘openssl’
     All declared Imports should be used.
Flavors: r-devel-linux-x86_64-fedora-clang, r-devel-linux-x86_64-fedora-gcc, r-patched-solaris-x86, r-release-osx-x86_64, r-oldrel-osx-x86_64

Version: 1.3.0
Check: Rd cross-references
Result: NOTE
    Undeclared package ‘AzureAuth’ in Rd xrefs
Flavor: r-devel-linux-x86_64-fedora-clang

Version: 1.3.0
Check: package dependencies
Result: NOTE
    Package suggested but not available for checking: ‘RestRserve’
Flavor: r-patched-solaris-x86