Last updated on 2023-06-01 07:56:54 CEST.
Flavor | Version | Tinstall | Tcheck | Ttotal | Status | Flags |
---|---|---|---|---|---|---|
r-devel-linux-x86_64-debian-clang | 1.3.2 | 9.91 | 37.62 | 47.53 | OK | |
r-devel-linux-x86_64-debian-gcc | 1.3.2 | 9.31 | 29.84 | 39.15 | OK | |
r-devel-linux-x86_64-fedora-clang | 1.3.2 | 64.01 | NOTE | |||
r-devel-linux-x86_64-fedora-gcc | 1.3.2 | 82.67 | NOTE | |||
r-devel-windows-x86_64 | 1.3.2 | 10.00 | 56.00 | 66.00 | OK | |
r-patched-linux-x86_64 | 1.3.2 | OK | ||||
r-release-linux-x86_64 | 1.3.2 | 10.82 | 37.71 | 48.53 | OK | |
r-release-macos-arm64 | 1.3.2 | 33.00 | OK | |||
r-release-macos-x86_64 | 1.3.2 | 48.00 | OK | |||
r-release-windows-x86_64 | 1.3.2 | 14.00 | 58.00 | 72.00 | OK | |
r-oldrel-macos-arm64 | 1.3.2 | 22.00 | NOTE | |||
r-oldrel-macos-x86_64 | 1.3.2 | 32.00 | NOTE | |||
r-oldrel-windows-x86_64 | 1.3.2 | 12.00 | 74.00 | 86.00 | OK |
Version: 1.3.2
Check: dependencies in R code
Result: NOTE
Namespace in Imports field not imported from: ‘curl’
All declared Imports should be used.
Flavors: r-devel-linux-x86_64-fedora-clang, r-devel-linux-x86_64-fedora-gcc, r-oldrel-macos-arm64, r-oldrel-macos-x86_64