CRAN Package Check Results for Package AzureKeyVault

Last updated on 2020-08-09 01:48:19 CEST.

Flavor Version Tinstall Tcheck Ttotal Status Flags
r-devel-linux-x86_64-debian-clang 1.0.3 11.36 29.91 41.27 OK
r-devel-linux-x86_64-debian-gcc 1.0.3 9.22 23.59 32.81 OK
r-devel-linux-x86_64-fedora-clang 1.0.3 58.38 NOTE
r-devel-linux-x86_64-fedora-gcc 1.0.3 61.13 NOTE
r-devel-windows-ix86+x86_64 1.0.3 16.00 59.00 75.00 OK
r-patched-linux-x86_64 1.0.3 10.15 29.86 40.01 OK
r-patched-solaris-x86 1.0.3 75.50 NOTE
r-release-linux-x86_64 1.0.3 10.27 30.06 40.33 OK
r-release-macos-x86_64 1.0.3 NOTE
r-release-windows-ix86+x86_64 1.0.3 22.00 57.00 79.00 OK
r-oldrel-macos-x86_64 1.0.3 NOTE
r-oldrel-windows-ix86+x86_64 1.0.3 14.00 43.00 57.00 OK

Check Details

Version: 1.0.3
Check: dependencies in R code
Result: NOTE
    Namespaces in Imports field not imported from:
     ‘R6’ ‘jose’ ‘openssl’
     All declared Imports should be used.
Flavors: r-devel-linux-x86_64-fedora-clang, r-devel-linux-x86_64-fedora-gcc, r-patched-solaris-x86, r-release-macos-x86_64, r-oldrel-macos-x86_64