CRAN Package Check Results for Package AzureKeyVault

Last updated on 2021-04-20 01:46:58 CEST.

Flavor Version Tinstall Tcheck Ttotal Status Flags
r-devel-linux-x86_64-debian-clang 1.0.4 10.50 30.07 40.57 OK
r-devel-linux-x86_64-debian-gcc 1.0.4 8.74 23.74 32.48 OK
r-devel-linux-x86_64-fedora-clang 1.0.4 60.07 NOTE
r-devel-linux-x86_64-fedora-gcc 1.0.4 50.08 NOTE
r-devel-windows-ix86+x86_64 1.0.4 12.00 37.00 49.00 OK
r-devel-windows-x86_64-gcc10-UCRT 1.0.4 NOTE
r-patched-linux-x86_64 1.0.4 8.84 29.02 37.86 OK
r-patched-solaris-x86 1.0.4 72.60 NOTE
r-release-linux-x86_64 1.0.4 9.70 29.15 38.85 OK
r-release-macos-x86_64 1.0.4 NOTE
r-release-windows-ix86+x86_64 1.0.4 18.00 38.00 56.00 OK
r-oldrel-macos-x86_64 1.0.4 NOTE
r-oldrel-windows-ix86+x86_64 1.0.4 10.00 40.00 50.00 OK

Check Details

Version: 1.0.4
Check: dependencies in R code
Result: NOTE
    Namespaces in Imports field not imported from:
     ‘R6’ ‘jose’ ‘openssl’
     All declared Imports should be used.
Flavors: r-devel-linux-x86_64-fedora-clang, r-devel-linux-x86_64-fedora-gcc, r-devel-windows-x86_64-gcc10-UCRT, r-patched-solaris-x86, r-release-macos-x86_64, r-oldrel-macos-x86_64