CRAN Package Check Results for Package AzureKusto

Last updated on 2022-01-28 00:48:48 CET.

Flavor Version Tinstall Tcheck Ttotal Status Flags
r-devel-linux-x86_64-debian-clang 1.0.6 12.59 75.28 87.87 OK
r-devel-linux-x86_64-debian-gcc 1.0.6 8.82 56.50 65.32 OK
r-devel-linux-x86_64-fedora-clang 1.0.6 102.70 NOTE
r-devel-linux-x86_64-fedora-gcc 1.0.6 97.28 NOTE
r-devel-windows-x86_64-new-UL 1.0.6 133.00 98.00 231.00 OK
r-devel-windows-x86_64-new-TK 1.0.6 NOTE
r-patched-linux-x86_64 1.0.6 14.65 67.40 82.05 OK
r-release-linux-x86_64 1.0.6 10.03 68.03 78.06 OK
r-release-macos-arm64 1.0.6 NOTE
r-release-macos-x86_64 1.0.6 NOTE
r-release-windows-ix86+x86_64 1.0.6 23.00 85.00 108.00 OK
r-oldrel-macos-x86_64 1.0.6 NOTE
r-oldrel-windows-ix86+x86_64 1.0.6 23.00 66.00 89.00 OK

Check Details

Version: 1.0.6
Check: dependencies in R code
Result: NOTE
    Namespace in Imports field not imported from: ‘tibble’
     All declared Imports should be used.
Flavors: r-devel-linux-x86_64-fedora-clang, r-devel-linux-x86_64-fedora-gcc, r-devel-windows-x86_64-new-TK, r-release-macos-arm64, r-release-macos-x86_64, r-oldrel-macos-x86_64