CRAN Package Check Results for Package AzureStor

Last updated on 2021-03-08 00:46:38 CET.

Flavor Version Tinstall Tcheck Ttotal Status Flags
r-devel-linux-x86_64-debian-clang 3.4.0 5.94 43.44 49.38 OK
r-devel-linux-x86_64-debian-gcc 3.4.0 4.57 34.31 38.88 OK
r-devel-linux-x86_64-fedora-clang 3.4.0 69.24 NOTE
r-devel-linux-x86_64-fedora-gcc 3.4.0 59.00 NOTE
r-devel-windows-ix86+x86_64 3.4.0 10.00 59.00 69.00 OK
r-devel-windows-x86_64-gcc10-UCRT 3.4.0 NOTE
r-patched-linux-x86_64 3.4.0 7.05 41.61 48.66 OK
r-patched-solaris-x86 3.4.0 81.90 NOTE
r-release-linux-x86_64 3.4.0 5.05 41.40 46.45 OK
r-release-macos-x86_64 3.4.0 NOTE
r-release-windows-ix86+x86_64 3.4.0 10.00 51.00 61.00 OK
r-oldrel-macos-x86_64 3.4.0 NOTE
r-oldrel-windows-ix86+x86_64 3.4.0 7.00 44.00 51.00 OK

Check Details

Version: 3.4.0
Check: dependencies in R code
Result: NOTE
    Namespace in Imports field not imported from: ‘R6’
     All declared Imports should be used.
Flavors: r-devel-linux-x86_64-fedora-clang, r-devel-linux-x86_64-fedora-gcc, r-devel-windows-x86_64-gcc10-UCRT, r-patched-solaris-x86, r-release-macos-x86_64, r-oldrel-macos-x86_64