CRAN Package Check Results for Package AzureStor

Last updated on 2021-12-08 01:51:36 CET.

Flavor Version Tinstall Tcheck Ttotal Status Flags
r-devel-linux-x86_64-debian-clang 3.5.2 6.72 41.72 48.44 OK
r-devel-linux-x86_64-debian-gcc 3.5.2 5.84 39.16 45.00 OK
r-devel-linux-x86_64-fedora-clang 3.5.2 75.16 NOTE
r-devel-linux-x86_64-fedora-gcc 3.5.2 65.39 NOTE
r-devel-windows-x86_64-new-UL 3.5.2 22.00 96.00 118.00 OK
r-devel-windows-x86_64-new-TK 3.5.2 NOTE
r-devel-windows-x86_64-old 3.5.2 11.00 67.00 78.00 OK
r-patched-linux-x86_64 3.5.2 12.73 50.13 62.86 OK
r-release-linux-x86_64 3.5.2 6.73 50.62 57.35 OK
r-release-macos-arm64 3.5.2 NOTE
r-release-macos-x86_64 3.5.2 NOTE
r-release-windows-ix86+x86_64 3.5.2 9.00 61.00 70.00 OK
r-oldrel-macos-x86_64 3.5.2 NOTE
r-oldrel-windows-ix86+x86_64 3.5.2 11.00 64.00 75.00 OK

Check Details

Version: 3.5.2
Check: dependencies in R code
Result: NOTE
    Namespace in Imports field not imported from: ‘R6’
     All declared Imports should be used.
Flavors: r-devel-linux-x86_64-fedora-clang, r-devel-linux-x86_64-fedora-gcc, r-devel-windows-x86_64-new-TK, r-release-macos-arm64, r-release-macos-x86_64, r-oldrel-macos-x86_64