CRAN Package Check Results for Package AzureStor

Last updated on 2020-08-13 01:54:56 CEST.

Flavor Version Tinstall Tcheck Ttotal Status Flags
r-devel-linux-x86_64-debian-clang 3.2.3 4.93 40.05 44.98 OK
r-devel-linux-x86_64-debian-gcc 3.2.3 5.24 31.25 36.49 OK
r-devel-linux-x86_64-fedora-clang 3.2.3 63.86 NOTE
r-devel-linux-x86_64-fedora-gcc 3.2.3 55.57 NOTE
r-devel-windows-ix86+x86_64 3.2.3 16.00 68.00 84.00 OK
r-patched-linux-x86_64 3.2.3 7.33 40.05 47.38 OK
r-patched-solaris-x86 3.2.3 76.80 NOTE
r-release-linux-x86_64 3.2.3 5.70 39.80 45.50 OK
r-release-macos-x86_64 3.2.3 NOTE
r-release-windows-ix86+x86_64 3.2.3 14.00 70.00 84.00 OK
r-oldrel-macos-x86_64 3.2.3 NOTE
r-oldrel-windows-ix86+x86_64 3.2.3 10.00 48.00 58.00 OK

Check Details

Version: 3.2.3
Check: dependencies in R code
Result: NOTE
    Namespace in Imports field not imported from: ‘R6’
     All declared Imports should be used.
Flavors: r-devel-linux-x86_64-fedora-clang, r-devel-linux-x86_64-fedora-gcc, r-patched-solaris-x86, r-release-macos-x86_64, r-oldrel-macos-x86_64