CRAN Package Check Results for Package BACCT

Last updated on 2023-12-05 07:48:25 CET.

Flavor Version Tinstall Tcheck Ttotal Status Flags
r-devel-linux-x86_64-debian-clang 1.0 6.18 52.28 58.46 NOTE
r-devel-linux-x86_64-debian-gcc 1.0 4.80 39.01 43.81 NOTE
r-devel-linux-x86_64-fedora-clang 1.0 69.45 NOTE
r-devel-linux-x86_64-fedora-gcc 1.0 67.21 NOTE
r-devel-windows-x86_64 1.0 6.00 59.00 65.00 NOTE
r-patched-linux-x86_64 1.0 5.64 49.56 55.20 NOTE
r-release-linux-x86_64 1.0 5.96 49.27 55.23 NOTE
r-release-macos-arm64 1.0 26.00 NOTE
r-release-macos-x86_64 1.0 37.00 NOTE
r-release-windows-x86_64 1.0 9.00 64.00 73.00 NOTE
r-oldrel-macos-arm64 1.0 28.00 NOTE
r-oldrel-macos-x86_64 1.0 40.00 NOTE
r-oldrel-windows-x86_64 1.0 9.00 87.00 96.00 NOTE

Check Details

Version: 1.0
Check: LazyData
Result: NOTE 'LazyData' is specified without a 'data' directory Flavors: r-devel-linux-x86_64-debian-clang, r-devel-linux-x86_64-debian-gcc, r-devel-linux-x86_64-fedora-clang, r-devel-linux-x86_64-fedora-gcc, r-devel-windows-x86_64, r-patched-linux-x86_64, r-release-linux-x86_64, r-release-macos-arm64, r-release-macos-x86_64, r-release-windows-x86_64, r-oldrel-macos-arm64, r-oldrel-macos-x86_64, r-oldrel-windows-x86_64