CRAN Package Check Results for Package BALD

Last updated on 2021-01-22 00:48:46 CET.

Flavor Version Tinstall Tcheck Ttotal Status Flags
r-devel-linux-x86_64-debian-clang 1.0.0-3 29.32 67.83 97.15 OK
r-devel-linux-x86_64-debian-gcc 1.0.0-3 21.78 52.20 73.98 OK
r-devel-linux-x86_64-fedora-clang 1.0.0-3 151.12 NOTE
r-devel-linux-x86_64-fedora-gcc 1.0.0-3 126.70 NOTE
r-devel-windows-ix86+x86_64 1.0.0-3 19.00 8.00 27.00 ERROR
r-patched-linux-x86_64 1.0.0-3 28.37 65.92 94.29 OK
r-patched-solaris-x86 1.0.0-3 151.50 OK
r-release-linux-x86_64 1.0.0-3 26.49 65.20 91.69 OK
r-release-macos-x86_64 1.0.0-3 OK
r-release-windows-ix86+x86_64 1.0.0-3 17.00 8.00 25.00 ERROR
r-oldrel-macos-x86_64 1.0.0-3 OK
r-oldrel-windows-ix86+x86_64 1.0.0-3 45.00 84.00 129.00 OK

Check Details

Version: 1.0.0-3
Check: compiled code
Result: NOTE
    File ‘BALD/libs/BALD.so’:
     Found no calls to: ‘R_registerRoutines’, ‘R_useDynamicSymbols’
    
    It is good practice to register native routines and to disable symbol
    search.
    
    See ‘Writing portable packages’ in the ‘Writing R Extensions’ manual.
Flavors: r-devel-linux-x86_64-fedora-clang, r-devel-linux-x86_64-fedora-gcc

Version: 1.0.0-3
Check: whether package can be installed
Result: ERROR
    Installation failed.
Flavors: r-devel-windows-ix86+x86_64, r-release-windows-ix86+x86_64