CRAN Package Check Results for Package BANEScarparkinglite

Last updated on 2020-04-01 01:48:43 CEST.

Flavor Version Tinstall Tcheck Ttotal Status Flags
r-devel-linux-x86_64-debian-clang 0.1.3 4.04 35.05 39.09 ERROR
r-devel-linux-x86_64-debian-gcc 0.1.3 3.61 29.66 33.27 ERROR
r-devel-linux-x86_64-fedora-clang 0.1.3 48.34 ERROR
r-devel-linux-x86_64-fedora-gcc 0.1.3 48.57 ERROR
r-devel-windows-ix86+x86_64 0.1.3 10.00 54.00 64.00 OK
r-devel-windows-ix86+x86_64-gcc8 0.1.3 10.00 52.00 62.00 ERROR
r-patched-linux-x86_64 0.1.3 3.96 33.35 37.31 ERROR
r-patched-solaris-x86 0.1.3 69.80 ERROR
r-release-linux-x86_64 0.1.3 4.08 34.00 38.08 ERROR
r-release-windows-ix86+x86_64 0.1.3 16.00 78.00 94.00 ERROR
r-release-osx-x86_64 0.1.3 OK
r-oldrel-windows-ix86+x86_64 0.1.3 10.00 72.00 82.00 ERROR
r-oldrel-osx-x86_64 0.1.3 OK

Check Details

Version: 0.1.3
Check: examples
Result: ERROR
    Running examples in 'BANEScarparkinglite-Ex.R' failed
    The error most likely occurred in:
    
    > base::assign(".ptime", proc.time(), pos = "CheckExEnv")
    > ### Name: get_range_crude
    > ### Title: Download records from a specified range from the Bath: Hacked
    > ### datastore
    > ### Aliases: get_range_crude
    >
    > ### ** Examples
    >
    > # Records for 1st June 2016
    > raw_data <- get_range_crude("2016-06-01 00:00:00", "2016-06-01 23:59:59")
    Making request to Socrata Open Data API...
    Error in open.connection(con, "rb") : HTTP error 404.
    Calls: get_range_crude ... datasource_connection -> read_connection -> open -> open.connection
    Execution halted
Flavors: r-devel-linux-x86_64-debian-clang, r-devel-linux-x86_64-debian-gcc, r-patched-linux-x86_64, r-release-linux-x86_64

Version: 0.1.3
Check: examples
Result: ERROR
    Running examples in ‘BANEScarparkinglite-Ex.R’ failed
    The error most likely occurred in:
    
    > ### Name: get_range_crude
    > ### Title: Download records from a specified range from the Bath: Hacked
    > ### datastore
    > ### Aliases: get_range_crude
    >
    > ### ** Examples
    >
    > # Records for 1st June 2016
    > raw_data <- get_range_crude("2016-06-01 00:00:00", "2016-06-01 23:59:59")
    Making request to Socrata Open Data API...
    Error in open.connection(con, "rb") : HTTP error 404.
    Calls: get_range_crude ... datasource_connection -> read_connection -> open -> open.connection
    Execution halted
Flavors: r-devel-linux-x86_64-fedora-clang, r-devel-linux-x86_64-fedora-gcc, r-devel-windows-ix86+x86_64-gcc8, r-patched-solaris-x86, r-release-windows-ix86+x86_64, r-oldrel-windows-ix86+x86_64