CRAN Package Check Results for Package BARIS

Last updated on 2021-09-21 01:49:54 CEST.

Flavor Version Tinstall Tcheck Ttotal Status Flags
r-devel-linux-x86_64-debian-clang 1.1.1 11.53 94.45 105.98 NOTE
r-devel-linux-x86_64-debian-gcc 1.1.1 9.42 71.85 81.27 NOTE
r-devel-linux-x86_64-fedora-clang 1.1.1 135.53 NOTE
r-devel-linux-x86_64-fedora-gcc 1.1.1 121.46 NOTE
r-devel-windows-x86_64 1.1.1 11.00 89.00 100.00 NOTE
r-devel-windows-x86_64-gcc10-UCRT 1.1.1 ERROR
r-patched-linux-x86_64 1.1.1 10.30 88.95 99.25 NOTE
r-patched-solaris-x86 1.1.1 186.90 NOTE
r-release-linux-x86_64 1.1.1 11.13 88.79 99.92 NOTE
r-release-macos-arm64 1.1.1 NOTE
r-release-macos-x86_64 1.1.1 NOTE
r-release-windows-ix86+x86_64 1.1.1 28.00 111.00 139.00 NOTE
r-oldrel-macos-x86_64 1.1.1 NOTE
r-oldrel-windows-ix86+x86_64 1.1.1 28.00 114.00 142.00 OK

Check Details

Version: 1.1.1
Check: LazyData
Result: NOTE
     'LazyData' is specified without a 'data' directory
Flavors: r-devel-linux-x86_64-debian-clang, r-devel-linux-x86_64-debian-gcc, r-devel-linux-x86_64-fedora-clang, r-devel-linux-x86_64-fedora-gcc, r-devel-windows-x86_64, r-patched-linux-x86_64, r-patched-solaris-x86, r-release-linux-x86_64, r-release-macos-arm64, r-release-macos-x86_64, r-release-windows-ix86+x86_64

Version: 1.1.1
Check: dependencies in R code
Result: NOTE
    Namespace in Imports field not imported from: ‘rstudioapi’
     All declared Imports should be used.
Flavors: r-devel-linux-x86_64-fedora-clang, r-devel-linux-x86_64-fedora-gcc, r-patched-solaris-x86, r-release-macos-arm64, r-release-macos-x86_64, r-oldrel-macos-x86_64

Version: 1.1.1
Check: package dependencies
Result: ERROR
    Package required but not available: 'XML'
    
    See section 'The DESCRIPTION file' in the 'Writing R Extensions'
    manual.
Flavor: r-devel-windows-x86_64-gcc10-UCRT