CRAN Package Check Results for Package BART

Last updated on 2022-06-25 01:48:54 CEST.

Flavor Version Tinstall Tcheck Ttotal Status Flags
r-devel-linux-x86_64-debian-clang 2.9 169.07 177.31 346.38 OK
r-devel-linux-x86_64-debian-gcc 2.9 123.54 127.33 250.87 OK
r-devel-linux-x86_64-fedora-clang 2.9 481.69 NOTE
r-devel-linux-x86_64-fedora-gcc 2.9 425.66 OK
r-devel-windows-x86_64 2.9 157.00 212.00 369.00 NOTE
r-patched-linux-x86_64 2.9 133.00 163.90 296.90 OK
r-release-linux-x86_64 2.9 123.27 161.95 285.22 OK
r-release-macos-arm64 2.9 112.00 NOTE
r-release-macos-x86_64 2.9 141.00 NOTE
r-release-windows-x86_64 2.9 149.00 211.00 360.00 NOTE
r-oldrel-macos-arm64 2.9 157.00 NOTE
r-oldrel-macos-x86_64 2.9 210.00 NOTE
r-oldrel-windows-ix86+x86_64 2.9 373.00 236.00 609.00 NOTE

Check Details

Version: 2.9
Check: installed package size
Result: NOTE
     installed size is 7.8Mb
     sub-directories of 1Mb or more:
     data 3.2Mb
     libs 3.1Mb
Flavors: r-devel-linux-x86_64-fedora-clang, r-devel-windows-x86_64, r-release-macos-arm64, r-release-macos-x86_64, r-release-windows-x86_64, r-oldrel-macos-arm64, r-oldrel-macos-x86_64, r-oldrel-windows-ix86+x86_64