CRAN Package Check Results for Package BBRecapture

Last updated on 2020-08-09 01:48:20 CEST.

Flavor Version Tinstall Tcheck Ttotal Status Flags
r-devel-linux-x86_64-debian-clang 0.2 11.17 76.20 87.37 OK
r-devel-linux-x86_64-debian-gcc 0.2 8.58 57.76 66.34 OK
r-devel-linux-x86_64-fedora-clang 0.2 111.91 NOTE
r-devel-linux-x86_64-fedora-gcc 0.2 102.88 NOTE
r-devel-windows-ix86+x86_64 0.2 21.00 114.00 135.00 OK
r-patched-linux-x86_64 0.2 12.54 74.25 86.79 OK
r-patched-solaris-x86 0.2 150.70 NOTE
r-release-linux-x86_64 0.2 10.09 73.59 83.68 OK
r-release-macos-x86_64 0.2 NOTE
r-release-windows-ix86+x86_64 0.2 27.00 114.00 141.00 OK
r-oldrel-macos-x86_64 0.2 NOTE
r-oldrel-windows-ix86+x86_64 0.2 17.00 72.00 89.00 OK

Check Details

Version: 0.2
Check: dependencies in R code
Result: NOTE
    Namespaces in Imports field not imported from:
     ‘locfit’ ‘secr’
     All declared Imports should be used.
Flavors: r-devel-linux-x86_64-fedora-clang, r-devel-linux-x86_64-fedora-gcc, r-patched-solaris-x86, r-release-macos-x86_64, r-oldrel-macos-x86_64