CRAN Package Check Results for Package BCEA

Last updated on 2020-07-08 01:49:13 CEST.

Flavor Version Tinstall Tcheck Ttotal Status Flags
r-devel-linux-x86_64-debian-clang 2.3-1.1 10.79 84.70 95.49 NOTE
r-devel-linux-x86_64-debian-gcc 2.3-1.1 9.14 61.78 70.92 NOTE
r-devel-linux-x86_64-fedora-clang 2.3-1.1 119.22 OK
r-devel-linux-x86_64-fedora-gcc 2.3-1.1 108.64 OK
r-devel-windows-ix86+x86_64 2.3-1.1 13.00 83.00 96.00 OK
r-patched-linux-x86_64 2.3-1.1 10.09 81.91 92.00 NOTE
r-patched-solaris-x86 2.3-1.1 151.30 NOTE
r-release-linux-x86_64 2.3-1.1 9.14 82.61 91.75 NOTE
r-release-osx-x86_64 2.3-1.1 NOTE
r-release-windows-ix86+x86_64 2.3-1.1 13.00 87.00 100.00 OK
r-oldrel-osx-x86_64 2.3-1.1 NOTE
r-oldrel-windows-ix86+x86_64 2.3-1.1 29.00 137.00 166.00 OK

Check Details

Version: 2.3-1.1
Check: package dependencies
Result: NOTE
    Package suggested but not available for checking: 'INLA'
Flavors: r-devel-linux-x86_64-debian-clang, r-devel-linux-x86_64-debian-gcc, r-patched-linux-x86_64, r-patched-solaris-x86, r-release-linux-x86_64, r-release-osx-x86_64, r-oldrel-osx-x86_64