Last updated on 2023-12-05 07:48:25 CET.
Flavor | Version | Tinstall | Tcheck | Ttotal | Status | Flags |
---|---|---|---|---|---|---|
r-devel-linux-x86_64-debian-clang | 1.00 | 2.11 | 42.16 | 44.27 | NOTE | |
r-devel-linux-x86_64-debian-gcc | 1.00 | 2.82 | 31.60 | 34.42 | NOTE | |
r-devel-linux-x86_64-fedora-clang | 1.00 | 53.04 | NOTE | |||
r-devel-linux-x86_64-fedora-gcc | 1.00 | 76.76 | NOTE | |||
r-devel-windows-x86_64 | 1.00 | 4.00 | 55.00 | 59.00 | NOTE | |
r-patched-linux-x86_64 | 1.00 | 3.75 | 40.53 | 44.28 | NOTE | |
r-release-linux-x86_64 | 1.00 | 2.33 | 39.97 | 42.30 | NOTE | |
r-release-macos-arm64 | 1.00 | 32.00 | NOTE | |||
r-release-macos-x86_64 | 1.00 | 44.00 | NOTE | |||
r-release-windows-x86_64 | 1.00 | 5.00 | 58.00 | 63.00 | NOTE | |
r-oldrel-macos-arm64 | 1.00 | 30.00 | NOTE | |||
r-oldrel-macos-x86_64 | 1.00 | 37.00 | NOTE | |||
r-oldrel-windows-x86_64 | 1.00 | 5.00 | 79.00 | 84.00 | NOTE |
Version: 1.00
Check: LazyData
Result: NOTE
'LazyData' is specified without a 'data' directory
Flavors: r-devel-linux-x86_64-debian-clang, r-devel-linux-x86_64-debian-gcc, r-devel-linux-x86_64-fedora-clang, r-devel-linux-x86_64-fedora-gcc, r-devel-windows-x86_64, r-patched-linux-x86_64, r-release-linux-x86_64, r-release-macos-arm64, r-release-macos-x86_64, r-release-windows-x86_64, r-oldrel-macos-arm64, r-oldrel-macos-x86_64, r-oldrel-windows-x86_64
Version: 1.00
Check: dependencies in R code
Result: NOTE
Namespaces in Imports field not imported from:
‘coda’ ‘knitr’ ‘plyr’
All declared Imports should be used.
Flavors: r-devel-linux-x86_64-fedora-clang, r-devel-linux-x86_64-fedora-gcc, r-oldrel-macos-arm64, r-oldrel-macos-x86_64