Last updated on 2023-03-25 07:02:14 CET.
Flavor | Version | Tinstall | Tcheck | Ttotal | Status | Flags |
---|---|---|---|---|---|---|
r-devel-linux-x86_64-debian-clang | 0.1.3 | 41.20 | 93.15 | 134.35 | NOTE | |
r-devel-linux-x86_64-debian-gcc | 0.1.3 | 38.90 | 69.08 | 107.98 | NOTE | |
r-devel-linux-x86_64-fedora-clang | 0.1.3 | 188.28 | NOTE | |||
r-devel-linux-x86_64-fedora-gcc | 0.1.3 | 285.96 | NOTE | |||
r-devel-windows-x86_64 | 0.1.3 | 51.00 | 132.00 | 183.00 | NOTE | |
r-patched-linux-x86_64 | 0.1.3 | 40.19 | 89.06 | 129.25 | OK | |
r-release-linux-x86_64 | 0.1.3 | 38.96 | 90.84 | 129.80 | OK | |
r-release-macos-arm64 | 0.1.3 | 71.00 | OK | |||
r-release-macos-x86_64 | 0.1.3 | 119.00 | OK | |||
r-release-windows-x86_64 | 0.1.3 | 49.00 | 136.00 | 185.00 | OK | |
r-oldrel-macos-arm64 | 0.1.3 | 84.00 | OK | |||
r-oldrel-macos-x86_64 | 0.1.3 | 124.00 | OK | |||
r-oldrel-windows-ix86+x86_64 | 0.1.3 | 109.00 | 153.00 | 262.00 | OK |
Version: 0.1.3
Check: C++ specification
Result: NOTE
Specified C++11: please drop specification unless essential
Flavors: r-devel-linux-x86_64-debian-clang, r-devel-linux-x86_64-debian-gcc, r-devel-linux-x86_64-fedora-clang, r-devel-linux-x86_64-fedora-gcc, r-devel-windows-x86_64