Last updated on 2023-01-29 00:53:29 CET.
Flavor | Version | Tinstall | Tcheck | Ttotal | Status | Flags |
---|---|---|---|---|---|---|
r-devel-linux-x86_64-debian-clang | 1.4.1 | 175.12 | 710.04 | 885.16 | OK | |
r-devel-linux-x86_64-debian-gcc | 1.4.1 | 136.71 | 336.28 | 472.99 | NOTE | |
r-devel-linux-x86_64-fedora-clang | 1.4.1 | 929.04 | NOTE | |||
r-devel-linux-x86_64-fedora-gcc | 1.4.1 | 762.27 | NOTE | |||
r-devel-windows-x86_64 | 1.4.1 | 141.00 | 428.00 | 569.00 | OK | |
r-patched-linux-x86_64 | 1.4.1 | 143.41 | 454.73 | 598.14 | OK | |
r-release-linux-x86_64 | 1.4.1 | 138.55 | 463.03 | 601.58 | OK | |
r-release-macos-arm64 | 1.4.1 | 169.00 | NOTE | |||
r-release-macos-x86_64 | 1.4.1 | 252.00 | NOTE | |||
r-release-windows-x86_64 | 1.4.1 | 127.00 | 472.00 | 599.00 | OK | |
r-oldrel-macos-arm64 | 1.4.1 | 170.00 | NOTE | |||
r-oldrel-macos-x86_64 | 1.4.1 | 238.00 | NOTE | |||
r-oldrel-windows-ix86+x86_64 | 1.4.1 | 371.00 | 916.00 | 1287.00 | OK |
Version: 1.4.1
Check: C++ specification
Result: NOTE
Specified C++11: please update to current default of C++17
Flavors: r-devel-linux-x86_64-debian-gcc, r-devel-linux-x86_64-fedora-gcc
Version: 1.4.1
Check: dependencies in R code
Result: NOTE
Namespace in Imports field not imported from: ‘forecast’
All declared Imports should be used.
Flavors: r-devel-linux-x86_64-fedora-clang, r-devel-linux-x86_64-fedora-gcc, r-release-macos-x86_64, r-oldrel-macos-x86_64
Version: 1.4.1
Check: installed package size
Result: NOTE
installed size is 15.3Mb
sub-directories of 1Mb or more:
libs 14.3Mb
Flavors: r-release-macos-arm64, r-release-macos-x86_64, r-oldrel-macos-arm64, r-oldrel-macos-x86_64