Last updated on 2023-10-02 07:56:21 CEST.
Flavor | Version | Tinstall | Tcheck | Ttotal | Status | Flags |
---|---|---|---|---|---|---|
r-devel-linux-x86_64-debian-clang | 1.4.3 | 188.40 | 728.58 | 916.98 | OK | |
r-devel-linux-x86_64-debian-gcc | 1.4.3 | 126.45 | 339.07 | 465.52 | OK | |
r-devel-linux-x86_64-fedora-clang | 1.4.3 | 1085.94 | NOTE | |||
r-devel-linux-x86_64-fedora-gcc | 1.4.3 | 803.94 | NOTE | |||
r-devel-windows-x86_64 | 1.4.3 | 119.00 | 307.00 | 426.00 | OK | |
r-patched-linux-x86_64 | 1.4.3 | 175.81 | 441.99 | 617.80 | OK | |
r-release-linux-x86_64 | 1.4.3 | 163.42 | 452.04 | 615.46 | OK | |
r-release-macos-arm64 | 1.4.3 | 206.00 | NOTE | |||
r-release-macos-x86_64 | 1.4.3 | 388.00 | NOTE | |||
r-release-windows-x86_64 | 1.4.3 | 169.00 | 379.00 | 548.00 | OK | |
r-oldrel-macos-arm64 | 1.4.3 | 208.00 | NOTE | |||
r-oldrel-macos-x86_64 | 1.4.3 | 245.00 | NOTE | |||
r-oldrel-windows-x86_64 | 1.4.3 | 155.00 | 420.00 | 575.00 | OK |
Version: 1.4.3
Check: dependencies in R code
Result: NOTE
Namespace in Imports field not imported from: ‘forecast’
All declared Imports should be used.
Flavors: r-devel-linux-x86_64-fedora-clang, r-devel-linux-x86_64-fedora-gcc
Version: 1.4.3
Check: installed package size
Result: NOTE
installed size is 15.3Mb
sub-directories of 1Mb or more:
libs 14.3Mb
Flavors: r-release-macos-arm64, r-release-macos-x86_64, r-oldrel-macos-arm64, r-oldrel-macos-x86_64