CRAN Package Check Results for Package BESTree

Last updated on 2023-12-03 08:50:01 CET.

Flavor Version Tinstall Tcheck Ttotal Status Flags
r-devel-linux-x86_64-debian-clang 0.5.2 2.25 89.10 91.35 OK
r-devel-linux-x86_64-debian-gcc 0.5.2 2.50 61.91 64.41 OK
r-devel-linux-x86_64-fedora-clang 0.5.2 108.83 NOTE
r-devel-linux-x86_64-fedora-gcc 0.5.2 119.61 NOTE
r-devel-windows-x86_64 0.5.2 4.00 74.00 78.00 OK
r-patched-linux-x86_64 0.5.2 3.23 84.56 87.79 OK
r-release-linux-x86_64 0.5.2 3.35 83.65 87.00 OK
r-release-macos-arm64 0.5.2 42.00 OK
r-release-macos-x86_64 0.5.2 59.00 OK
r-release-windows-x86_64 0.5.2 4.00 89.00 93.00 OK
r-oldrel-macos-arm64 0.5.2 31.00 OK
r-oldrel-macos-x86_64 0.5.2 41.00 NOTE
r-oldrel-windows-x86_64 0.5.2 5.00 91.00 96.00 OK

Check Details

Version: 0.5.2
Check: dependencies in R code
Result: NOTE Namespace in Imports field not imported from: ‘compiler’ All declared Imports should be used. Flavors: r-devel-linux-x86_64-fedora-clang, r-devel-linux-x86_64-fedora-gcc, r-oldrel-macos-x86_64