CRAN Package Check Results for Package BETS

Last updated on 2022-08-14 01:49:09 CEST.

Flavor Version Tinstall Tcheck Ttotal Status Flags
r-devel-linux-x86_64-debian-clang 0.4.9 20.61 158.00 178.61 NOTE
r-devel-linux-x86_64-debian-gcc 0.4.9 17.27 117.07 134.34 NOTE
r-devel-linux-x86_64-fedora-clang 0.4.9 229.36 NOTE
r-devel-linux-x86_64-fedora-gcc 0.4.9 226.54 NOTE
r-devel-windows-x86_64 0.4.9 54.00 182.00 236.00 NOTE
r-patched-linux-x86_64 0.4.9 19.56 146.50 166.06 NOTE
r-release-linux-x86_64 0.4.9 19.74 148.93 168.67 NOTE
r-release-macos-arm64 0.4.9 54.00 NOTE
r-release-macos-x86_64 0.4.9 100.00 NOTE
r-release-windows-x86_64 0.4.9 55.00 202.00 257.00 NOTE
r-oldrel-macos-arm64 0.4.9 54.00 NOTE
r-oldrel-macos-x86_64 0.4.9 77.00 NOTE
r-oldrel-windows-ix86+x86_64 0.4.9 47.00 202.00 249.00 NOTE

Check Details

Version: 0.4.9
Check: LazyData
Result: NOTE
     'LazyData' is specified without a 'data' directory
Flavors: r-devel-linux-x86_64-debian-clang, r-devel-linux-x86_64-debian-gcc, r-devel-linux-x86_64-fedora-clang, r-devel-linux-x86_64-fedora-gcc, r-devel-windows-x86_64, r-patched-linux-x86_64, r-release-linux-x86_64, r-release-macos-arm64, r-release-macos-x86_64, r-release-windows-x86_64, r-oldrel-macos-arm64, r-oldrel-macos-x86_64, r-oldrel-windows-ix86+x86_64

Version: 0.4.9
Check: package dependencies
Result: NOTE
    Imports includes 27 non-default packages.
    Importing from so many packages makes the package vulnerable to any of
    them becoming unavailable. Move as many as possible to Suggests and
    use conditionally.
Flavor: r-devel-linux-x86_64-fedora-clang