CRAN Package Check Results for Package BGData

Last updated on 2021-09-22 01:48:30 CEST.

Flavor Version Tinstall Tcheck Ttotal Status Flags
r-devel-linux-x86_64-debian-clang 2.2.0 7.15 65.79 72.94 OK
r-devel-linux-x86_64-debian-gcc 2.2.0 5.39 48.81 54.20 OK
r-devel-linux-x86_64-fedora-clang 2.2.0 94.21 OK
r-devel-linux-x86_64-fedora-gcc 2.2.0 83.95 OK
r-devel-windows-x86_64 2.2.0 9.00 60.00 69.00 WARN
r-devel-windows-x86_64-gcc10-UCRT 2.2.0 ERROR
r-patched-linux-x86_64 2.2.0 7.14 62.43 69.57 OK
r-patched-solaris-x86 2.2.0 122.50 OK
r-release-linux-x86_64 2.2.0 6.48 62.74 69.22 OK
r-release-macos-arm64 2.2.0 OK
r-release-macos-x86_64 2.2.0 OK
r-release-windows-ix86+x86_64 2.2.0 21.00 113.00 134.00 OK
r-oldrel-macos-x86_64 2.2.0 OK
r-oldrel-windows-ix86+x86_64 2.2.0 19.00 88.00 107.00 OK

Check Details

Version: 2.2.0
Check: whether package can be installed
Result: WARN
    Found the following significant warnings:
     Warning: 'memory.limit()' is no longer supported
Flavor: r-devel-windows-x86_64

Version: 2.2.0
Check: whether package can be installed
Result: ERROR
    Installation failed.
Flavor: r-devel-windows-x86_64-gcc10-UCRT