Last updated on 2023-03-23 06:52:15 CET.
Flavor | Version | Tinstall | Tcheck | Ttotal | Status | Flags |
---|---|---|---|---|---|---|
r-devel-linux-x86_64-debian-clang | 2.1 | 47.49 | 73.36 | 120.85 | NOTE | |
r-devel-linux-x86_64-debian-gcc | 2.1 | 36.56 | 62.53 | 99.09 | NOTE | |
r-devel-linux-x86_64-fedora-clang | 2.1 | 156.25 | NOTE | |||
r-devel-linux-x86_64-fedora-gcc | 2.1 | 173.55 | NOTE | |||
r-devel-windows-x86_64 | 2.1 | 65.00 | 144.00 | 209.00 | NOTE | |
r-patched-linux-x86_64 | 2.1 | 38.15 | 70.16 | 108.31 | OK | |
r-release-linux-x86_64 | 2.1 | 39.79 | 71.30 | 111.09 | OK | |
r-release-macos-arm64 | 2.1 | 44.00 | OK | |||
r-release-macos-x86_64 | 2.1 | 58.00 | OK | |||
r-release-windows-x86_64 | 2.1 | 99.00 | 152.00 | 251.00 | OK | |
r-oldrel-macos-arm64 | 2.1 | 45.00 | OK | |||
r-oldrel-macos-x86_64 | 2.1 | 60.00 | OK | |||
r-oldrel-windows-ix86+x86_64 | 2.1 | 105.00 | 143.00 | 248.00 | OK |
Version: 2.1
Check: C++ specification
Result: NOTE
Specified C++11: please drop specification unless essential
Flavors: r-devel-linux-x86_64-debian-clang, r-devel-linux-x86_64-debian-gcc, r-devel-linux-x86_64-fedora-clang, r-devel-linux-x86_64-fedora-gcc, r-devel-windows-x86_64