CRAN Package Check Results for Package BHSBVAR

Last updated on 2020-08-09 01:48:21 CEST.

Flavor Version Tinstall Tcheck Ttotal Status Flags
r-devel-linux-x86_64-debian-clang 2.0.2 50.61 55.75 106.36 OK
r-devel-linux-x86_64-debian-gcc 2.0.2 37.94 42.63 80.57 OK
r-devel-linux-x86_64-fedora-clang 2.0.2 150.57 NOTE
r-devel-linux-x86_64-fedora-gcc 2.0.2 135.27 OK
r-devel-windows-ix86+x86_64 2.0.2 117.00 134.00 251.00 OK
r-patched-linux-x86_64 2.0.2 45.63 54.57 100.20 OK
r-patched-solaris-x86 2.0.2 152.50 OK
r-release-linux-x86_64 2.0.2 43.79 54.02 97.81 OK
r-release-macos-x86_64 2.0.2 NOTE
r-release-windows-ix86+x86_64 2.0.2 115.00 133.00 248.00 OK
r-oldrel-macos-x86_64 2.0.2 NOTE
r-oldrel-windows-ix86+x86_64 2.0.2 73.00 110.00 183.00 OK

Check Details

Version: 2.0.2
Check: installed package size
Result: NOTE
     installed size is 5.3Mb
     sub-directories of 1Mb or more:
     libs 4.7Mb
Flavors: r-devel-linux-x86_64-fedora-clang, r-release-macos-x86_64, r-oldrel-macos-x86_64