CRAN Package Check Results for Package BHTSpack

Last updated on 2023-12-04 07:50:49 CET.

Flavor Version Tinstall Tcheck Ttotal Status Flags
r-devel-linux-x86_64-debian-clang 0.6 5.07 83.16 88.23 NOTE
r-devel-linux-x86_64-debian-gcc 0.6 3.95 58.69 62.64 NOTE
r-devel-linux-x86_64-fedora-clang 0.6 110.97 NOTE
r-devel-linux-x86_64-fedora-gcc 0.6 119.42 NOTE
r-devel-windows-x86_64 0.6 8.00 110.00 118.00 NOTE
r-patched-linux-x86_64 0.6 5.16 84.07 89.23 OK
r-release-linux-x86_64 0.6 3.48 83.87 87.35 OK
r-release-macos-arm64 0.6 44.00 OK
r-release-macos-x86_64 0.6 72.00 OK
r-release-windows-x86_64 0.6 7.00 114.00 121.00 OK
r-oldrel-macos-arm64 0.6 39.00 OK
r-oldrel-macos-x86_64 0.6 50.00 OK
r-oldrel-windows-x86_64 0.6 8.00 115.00 123.00 OK

Check Details

Version: 0.6
Check: Rd contents
Result: NOTE Argument items with no description in Rd file 'h.pr.u.Rd': ‘z’ ‘ih’ ‘mu’ ‘sigma’ ‘pk’ ‘K’ ‘H’ ‘n’ Argument items with no description in Rd file 'hatpai.u.Rd': ‘z’ ‘hk1’ ‘hk0’ ‘ph1’ ‘ph0’ ‘sigma1’ ‘sigma0’ ‘mu1’ ‘mu0’ ‘pai’ ‘H’ ‘n’ Argument items with no description in Rd file 'ind.u.Rd': ‘pr’ Argument items with no description in Rd file 'lambda.u.Rd': ‘nu’ Argument items with no description in Rd file 'mu.k.u.Rd': ‘k’ ‘ik’ ‘z’ ‘sigma’ ‘mu0’ Argument items with no description in Rd file 'nu.u.Rd': ‘ind’ ‘tau’ ‘H’ Argument items with no description in Rd file 'pai.u.Rd': ‘b’ ‘a.pai’ ‘b.pai’ Argument items with no description in Rd file 'sig.k.u.Rd': ‘k’ ‘ik’ ‘z’ ‘mu0’ ‘a0’ ‘b0’ Argument items with no description in Rd file 'z.pr.u.Rd': ‘z’ ‘hk’ ‘mu’ ‘sigma’ ‘ph’ ‘H’ ‘n’ Flavors: r-devel-linux-x86_64-debian-clang, r-devel-linux-x86_64-debian-gcc, r-devel-linux-x86_64-fedora-clang, r-devel-linux-x86_64-fedora-gcc, r-devel-windows-x86_64