CRAN Package Check Results for Package BIFIEsurvey

Last updated on 2019-12-06 00:49:50 CET.

Flavor Version Tinstall Tcheck Ttotal Status Flags
r-devel-linux-x86_64-debian-clang 3.3-12 156.27 121.57 277.84 OK
r-devel-linux-x86_64-debian-gcc 3.3-12 125.37 91.68 217.05 OK
r-devel-linux-x86_64-fedora-clang 3.3-12 369.87 NOTE
r-devel-linux-x86_64-fedora-gcc 3.3-12 362.44 OK
r-devel-windows-ix86+x86_64 3.3-12 273.00 181.00 454.00 OK
r-devel-windows-ix86+x86_64-gcc8 3.3-12 311.00 178.00 489.00 NOTE
r-patched-linux-x86_64 3.3-12 129.64 106.22 235.86 OK
r-patched-solaris-x86 3.3-12 347.40 OK
r-release-linux-x86_64 3.3-12 127.86 107.04 234.90 OK
r-release-windows-ix86+x86_64 3.3-12 279.00 174.00 453.00 OK
r-release-osx-x86_64 3.3-12 NOTE
r-oldrel-windows-ix86+x86_64 3.3-12 232.00 160.00 392.00 OK
r-oldrel-osx-x86_64 3.3-12 NOTE

Check Details

Version: 3.3-12
Check: installed package size
Result: NOTE
     installed size is 11.7Mb
     sub-directories of 1Mb or more:
     data 1.4Mb
     libs 9.8Mb
Flavors: r-devel-linux-x86_64-fedora-clang, r-devel-windows-ix86+x86_64-gcc8, r-release-osx-x86_64, r-oldrel-osx-x86_64