CRAN Package Check Results for Package BIFIEsurvey

Last updated on 2020-07-09 01:57:24 CEST.

Flavor Version Tinstall Tcheck Ttotal Status Flags
r-devel-linux-x86_64-debian-clang 3.3-12 161.06 87.09 248.15 OK
r-devel-linux-x86_64-debian-gcc 3.3-12 134.49 64.53 199.02 OK
r-devel-linux-x86_64-fedora-clang 3.3-12 350.86 NOTE
r-devel-linux-x86_64-fedora-gcc 3.3-12 329.00 OK
r-devel-windows-ix86+x86_64 3.3-12 278.00 132.00 410.00 NOTE
r-patched-linux-x86_64 3.3-12 130.07 83.57 213.64 OK
r-patched-solaris-x86 3.3-12 290.50 OK
r-release-linux-x86_64 3.3-12 139.12 83.22 222.34 OK
r-release-osx-x86_64 3.3-12 NOTE
r-release-windows-ix86+x86_64 3.3-12 285.00 130.00 415.00 NOTE
r-oldrel-osx-x86_64 3.3-12 NOTE
r-oldrel-windows-ix86+x86_64 3.3-12 349.00 191.00 540.00 OK

Check Details

Version: 3.3-12
Check: installed package size
Result: NOTE
     installed size is 13.0Mb
     sub-directories of 1Mb or more:
     data 1.4Mb
     libs 11.1Mb
Flavors: r-devel-linux-x86_64-fedora-clang, r-devel-windows-ix86+x86_64, r-release-osx-x86_64, r-release-windows-ix86+x86_64, r-oldrel-osx-x86_64