CRAN Package Check Results for Package BIRDS

Last updated on 2020-09-23 03:59:53 CEST.

Flavor Version Tinstall Tcheck Ttotal Status Flags
r-devel-linux-x86_64-debian-clang 0.1 16.46 435.96 452.42 OK
r-devel-linux-x86_64-debian-gcc 0.1 13.43 320.58 334.01 OK
r-devel-linux-x86_64-fedora-clang 0.1 547.81 NOTE
r-devel-linux-x86_64-fedora-gcc 0.1 406.27 NOTE
r-devel-windows-ix86+x86_64 0.1 35.00 519.00 554.00 OK
r-patched-linux-x86_64 0.1 14.97 417.33 432.30 OK
r-patched-solaris-x86 0.1 663.40 NOTE
r-release-linux-x86_64 0.1 16.32 419.01 435.33 OK
r-release-macos-x86_64 0.1 NOTE
r-release-windows-ix86+x86_64 0.1 37.00 566.00 603.00 OK
r-oldrel-macos-x86_64 0.1 NOTE
r-oldrel-windows-ix86+x86_64 0.1 18.00 390.00 408.00 OK

Check Details

Version: 0.1
Check: dependencies in R code
Result: NOTE
    Namespaces in Imports field not imported from:
     ‘esquisse’ ‘rgdal’
     All declared Imports should be used.
Flavors: r-devel-linux-x86_64-fedora-clang, r-devel-linux-x86_64-fedora-gcc, r-patched-solaris-x86, r-release-macos-x86_64, r-oldrel-macos-x86_64

Version: 0.1
Check: data for non-ASCII characters
Result: NOTE
     Note: found 27976 marked UTF-8 strings
Flavors: r-devel-linux-x86_64-fedora-clang, r-devel-linux-x86_64-fedora-gcc, r-patched-solaris-x86, r-release-macos-x86_64, r-oldrel-macos-x86_64