CRAN Package Check Results for Package BLCOP

Last updated on 2022-10-01 02:49:05 CEST.

Flavor Version Tinstall Tcheck Ttotal Status Flags
r-devel-linux-x86_64-debian-clang 0.3.3 15.78 122.45 138.23 NOTE
r-devel-linux-x86_64-debian-gcc 0.3.3 13.18 91.72 104.90 NOTE
r-devel-linux-x86_64-fedora-clang 0.3.3 177.63 NOTE
r-devel-linux-x86_64-fedora-gcc 0.3.3 169.98 NOTE
r-devel-windows-x86_64 0.3.3 29.00 173.00 202.00 NOTE
r-patched-linux-x86_64 0.3.3 10.89 117.77 128.66 OK
r-release-linux-x86_64 0.3.3 9.87 118.41 128.28 OK
r-release-macos-arm64 0.3.3 51.00 NOTE
r-release-macos-x86_64 0.3.3 76.00 NOTE
r-release-windows-x86_64 0.3.3 107.00 155.00 262.00 OK
r-oldrel-macos-arm64 0.3.3 51.00 NOTE
r-oldrel-macos-x86_64 0.3.3 79.00 NOTE
r-oldrel-windows-ix86+x86_64 0.3.3 33.00 137.00 170.00 OK

Check Details

Version: 0.3.3
Check: Rd files
Result: NOTE
    checkRd: (-1) posteriorFeasibility.Rd:25: Escaped LaTeX specials: \#
    checkRd: (-1) sp500Returns.Rd:4: Escaped LaTeX specials: \&
Flavors: r-devel-linux-x86_64-debian-clang, r-devel-linux-x86_64-debian-gcc, r-devel-linux-x86_64-fedora-clang, r-devel-linux-x86_64-fedora-gcc, r-devel-windows-x86_64

Version: 0.3.3
Check: dependencies in R code
Result: NOTE
    Namespaces in Imports field not imported from:
     ‘knitr’ ‘rmarkdown’
     All declared Imports should be used.
Flavors: r-devel-linux-x86_64-fedora-clang, r-devel-linux-x86_64-fedora-gcc, r-release-macos-arm64, r-release-macos-x86_64, r-oldrel-macos-arm64, r-oldrel-macos-x86_64