CRAN Package Check Results for Package BLModel

Last updated on 2023-01-27 00:50:57 CET.

Flavor Version Tinstall Tcheck Ttotal Status Flags
r-devel-linux-x86_64-debian-clang 1.0.2 2.21 25.94 28.15 NOTE
r-devel-linux-x86_64-debian-gcc 1.0.2 1.75 19.92 21.67 NOTE
r-devel-linux-x86_64-fedora-clang 1.0.2 39.32 NOTE
r-devel-linux-x86_64-fedora-gcc 1.0.2 34.75 NOTE
r-devel-windows-x86_64 1.0.2 21.00 58.00 79.00 NOTE
r-patched-linux-x86_64 1.0.2 1.75 25.28 27.03 NOTE
r-release-linux-x86_64 1.0.2 1.79 25.39 27.18 NOTE
r-release-macos-arm64 1.0.2 18.00 NOTE
r-release-macos-x86_64 1.0.2 23.00 NOTE
r-release-windows-x86_64 1.0.2 15.00 58.00 73.00 NOTE
r-oldrel-macos-arm64 1.0.2 22.00 NOTE
r-oldrel-macos-x86_64 1.0.2 29.00 NOTE
r-oldrel-windows-ix86+x86_64 1.0.2 5.00 51.00 56.00 NOTE

Check Details

Version: 1.0.2
Check: LazyData
Result: NOTE
     'LazyData' is specified without a 'data' directory
Flavors: r-devel-linux-x86_64-debian-clang, r-devel-linux-x86_64-debian-gcc, r-devel-linux-x86_64-fedora-clang, r-devel-linux-x86_64-fedora-gcc, r-devel-windows-x86_64, r-patched-linux-x86_64, r-release-linux-x86_64, r-release-macos-arm64, r-release-macos-x86_64, r-release-windows-x86_64, r-oldrel-macos-arm64, r-oldrel-macos-x86_64, r-oldrel-windows-ix86+x86_64