Last updated on 2025-06-22 09:49:30 CEST.
Flavor | Version | Tinstall | Tcheck | Ttotal | Status | Flags |
---|---|---|---|---|---|---|
r-devel-linux-x86_64-debian-clang | 0.3.4 | 28.32 | 78.22 | 106.54 | NOTE | |
r-devel-linux-x86_64-debian-gcc | 0.3.4 | 18.39 | 55.15 | 73.54 | NOTE | |
r-devel-linux-x86_64-fedora-clang | 0.3.4 | 179.36 | OK | |||
r-devel-linux-x86_64-fedora-gcc | 0.3.4 | 240.81 | OK | |||
r-devel-windows-x86_64 | 0.3.4 | 34.00 | 110.00 | 144.00 | OK | |
r-patched-linux-x86_64 | 0.3.4 | 31.07 | 72.34 | 103.41 | OK | |
r-release-linux-x86_64 | 0.3.4 | 30.16 | 71.78 | 101.94 | OK | |
r-release-macos-arm64 | 0.3.4 | 107.00 | OK | |||
r-release-macos-x86_64 | 0.3.4 | 202.00 | OK | |||
r-release-windows-x86_64 | 0.3.4 | 33.00 | 108.00 | 141.00 | OK | |
r-oldrel-macos-arm64 | 0.3.4 | 70.00 | OK | |||
r-oldrel-macos-x86_64 | 0.3.4 | 141.00 | OK | |||
r-oldrel-windows-x86_64 | 0.3.4 | 42.00 | 137.00 | 179.00 | OK |
Version: 0.3.4
Check: CRAN incoming feasibility
Result: NOTE
Maintainer: ‘Daniel Brunner <[email protected]>’
No Authors@R field in DESCRIPTION.
Please add one, modifying
Authors@R: c(person(given = "Daniel",
family = "Brunner",
role = c("aut", "cre"),
email = "[email protected]",
comment = "aut"),
person(given = "Constantin",
family = "Weiser",
role = "aut",
comment = "ctr"),
person(given = "Andre",
family = "Romahn",
role = "aut",
comment = "ctr"))
as necessary.
Flavors: r-devel-linux-x86_64-debian-clang, r-devel-linux-x86_64-debian-gcc