CRAN Package Check Results for Package BMS

Last updated on 2021-09-23 01:49:27 CEST.

Flavor Version Tinstall Tcheck Ttotal Status Flags
r-devel-linux-x86_64-debian-clang 0.3.4 7.23 202.05 209.28 OK
r-devel-linux-x86_64-debian-gcc 0.3.4 6.51 146.27 152.78 OK
r-devel-linux-x86_64-fedora-clang 0.3.4 248.36 OK
r-devel-linux-x86_64-fedora-gcc 0.3.4 243.02 OK
r-devel-windows-x86_64 0.3.4 11.00 171.00 182.00 OK
r-devel-windows-x86_64-gcc10-UCRT 0.3.4 ERROR
r-patched-linux-x86_64 0.3.4 9.39 193.44 202.83 OK
r-patched-solaris-x86 0.3.4 295.50 OK
r-release-linux-x86_64 0.3.4 7.17 192.53 199.70 OK
r-release-macos-arm64 0.3.4 OK
r-release-macos-x86_64 0.3.4 OK
r-release-windows-ix86+x86_64 0.3.4 14.00 230.00 244.00 OK
r-oldrel-macos-x86_64 0.3.4 OK
r-oldrel-windows-ix86+x86_64 0.3.4 11.00 230.00 241.00 OK

Check Details

Version: 0.3.4
Check: PDF version of manual
Result: WARN
    LaTeX errors when creating PDF version.
    This typically indicates Rd problems.
Flavor: r-devel-windows-x86_64-gcc10-UCRT

Version: 0.3.4
Check: PDF version of manual without hyperrefs or index
Result: ERROR
    Re-running with no redirection of stdout/stderr.
Flavor: r-devel-windows-x86_64-gcc10-UCRT