CRAN Package Check Results for Package BNSP

Last updated on 2020-07-02 02:09:44 CEST.

Flavor Version Tinstall Tcheck Ttotal Status Flags
r-devel-linux-x86_64-debian-clang 2.1.4 60.77 103.49 164.26 OK
r-devel-linux-x86_64-debian-gcc 2.1.4 65.39 76.56 141.95 OK
r-devel-linux-x86_64-fedora-clang 2.1.4 218.81 OK
r-devel-linux-x86_64-fedora-gcc 2.1.4 247.27 OK
r-devel-windows-ix86+x86_64 2.1.4 182.00 137.00 319.00 OK
r-patched-linux-x86_64 2.1.4 72.31 98.96 171.27 OK
r-patched-solaris-x86 2.1.4 448.60 OK
r-release-linux-x86_64 2.1.4 70.79 98.84 169.63 OK
r-release-osx-x86_64 2.1.4 NOTE
r-release-windows-ix86+x86_64 2.1.4 126.00 139.00 265.00 OK
r-oldrel-osx-x86_64 2.1.4 OK
r-oldrel-windows-ix86+x86_64 2.1.4 125.00 193.00 318.00 OK

Check Details

Version: 2.1.4
Check: installed package size
Result: NOTE
     installed size is 5.1Mb
     sub-directories of 1Mb or more:
     libs 4.7Mb
Flavor: r-release-osx-x86_64