CRAN Package Check Results for Package BOSSreg

Last updated on 2021-07-27 01:50:35 CEST.

Flavor Version Tinstall Tcheck Ttotal Status Flags
r-devel-linux-x86_64-debian-clang 0.2.0 32.75 48.75 81.50 NOTE
r-devel-linux-x86_64-debian-gcc 0.2.0 22.49 37.81 60.30 NOTE
r-devel-linux-x86_64-fedora-clang 0.2.0 117.28 NOTE
r-devel-linux-x86_64-fedora-gcc 0.2.0 104.27 NOTE
r-devel-windows-x86_64 0.2.0 43.00 99.00 142.00 NOTE
r-devel-windows-x86_64-gcc10-UCRT 0.2.0 NOTE
r-patched-linux-x86_64 0.2.0 26.07 46.95 73.02 NOTE
r-patched-solaris-x86 0.2.0 111.80 NOTE
r-release-linux-x86_64 0.2.0 28.40 47.03 75.43 NOTE
r-release-macos-arm64 0.2.0 NOTE
r-release-macos-x86_64 0.2.0 NOTE
r-release-windows-ix86+x86_64 0.2.0 79.00 109.00 188.00 NOTE
r-oldrel-macos-x86_64 0.2.0 OK
r-oldrel-windows-ix86+x86_64 0.2.0 55.00 106.00 161.00 OK

Check Details

Version: 0.2.0
Check: LazyData
Result: NOTE
     'LazyData' is specified without a 'data' directory
Flavors: r-devel-linux-x86_64-debian-clang, r-devel-linux-x86_64-debian-gcc, r-devel-linux-x86_64-fedora-clang, r-devel-linux-x86_64-fedora-gcc, r-devel-windows-x86_64, r-devel-windows-x86_64-gcc10-UCRT, r-patched-linux-x86_64, r-patched-solaris-x86, r-release-linux-x86_64, r-release-macos-arm64, r-release-macos-x86_64, r-release-windows-ix86+x86_64