Last updated on 2023-06-07 06:57:42 CEST.
Flavor | Version | Tinstall | Tcheck | Ttotal | Status | Flags |
---|---|---|---|---|---|---|
r-devel-linux-x86_64-debian-clang | 0.2.0 | 32.53 | 50.63 | 83.16 | NOTE | |
r-devel-linux-x86_64-debian-gcc | 0.2.0 | 23.07 | 38.86 | 61.93 | NOTE | |
r-devel-linux-x86_64-fedora-clang | 0.2.0 | 116.04 | NOTE | |||
r-devel-linux-x86_64-fedora-gcc | 0.2.0 | 123.38 | NOTE | |||
r-devel-windows-x86_64 | 0.2.0 | 27.00 | 106.00 | 133.00 | NOTE | |
r-patched-linux-x86_64 | 0.2.0 | 31.39 | 48.52 | 79.91 | NOTE | |
r-release-linux-x86_64 | 0.2.0 | 30.43 | 47.59 | 78.02 | NOTE | |
r-release-macos-arm64 | 0.2.0 | 47.00 | NOTE | |||
r-release-macos-x86_64 | 0.2.0 | 59.00 | NOTE | |||
r-release-windows-x86_64 | 0.2.0 | 33.00 | 91.00 | 124.00 | NOTE | |
r-oldrel-macos-arm64 | 0.2.0 | 37.00 | NOTE | |||
r-oldrel-macos-x86_64 | 0.2.0 | 45.00 | NOTE | |||
r-oldrel-windows-x86_64 | 0.2.0 | 34.00 | 90.00 | 124.00 | NOTE |
Version: 0.2.0
Check: C++ specification
Result: NOTE
Specified C++11: please drop specification unless essential
Flavors: r-devel-linux-x86_64-debian-clang, r-devel-linux-x86_64-debian-gcc, r-devel-linux-x86_64-fedora-clang, r-devel-linux-x86_64-fedora-gcc, r-devel-windows-x86_64, r-patched-linux-x86_64, r-release-linux-x86_64, r-release-macos-arm64, r-release-macos-x86_64, r-release-windows-x86_64
Version: 0.2.0
Check: LazyData
Result: NOTE
'LazyData' is specified without a 'data' directory
Flavors: r-devel-linux-x86_64-debian-clang, r-devel-linux-x86_64-debian-gcc, r-devel-linux-x86_64-fedora-clang, r-devel-linux-x86_64-fedora-gcc, r-devel-windows-x86_64, r-patched-linux-x86_64, r-release-linux-x86_64, r-release-macos-arm64, r-release-macos-x86_64, r-release-windows-x86_64, r-oldrel-macos-arm64, r-oldrel-macos-x86_64, r-oldrel-windows-x86_64
Version: 0.2.0
Check: package dependencies
Result: NOTE
Package suggested but not available for checking: ‘sparsenet’
Flavor: r-release-macos-x86_64